-- https://www.phpmyadmin.net/
--

START TRANSACTION;



--
-- Database: `elfazpkm_elfara3na`
--

-- --------------------------------------------------------

--
-- Table structure for table `bills`
--

CREATE TABLE `bills` (
  `id` int(10) UNSIGNED NOT NULL,
  `transport` double DEFAULT NULL,
  `total_bill_price` double DEFAULT NULL,
  `created_at` timestamp NULL DEFAULT NULL,
  `updated_at` timestamp NULL DEFAULT NULL,
  `payments` double DEFAULT '0',
  `customer_id` int(11) DEFAULT NULL
) ENGINE=InnoDB DEFAULT CHARSET=utf8 COLLATE=utf8_unicode_ci;

--
-- Dumping data for table `bills`
--

INSERT INTO `bills` (`id`, `transport`, `total_bill_price`, `created_at`, `updated_at`, `payments`, `customer_id`) VALUES
(71, 0, 828.4, '2019-09-04 19:47:17', '2019-09-04 19:47:17', 0, 9),
(73, 20, 1340.4, '2019-09-05 15:43:54', '2019-09-05 15:43:54', 0, 11),
(74, 0, 118.8, '2019-09-05 15:44:39', '2019-09-05 15:44:39', 0, 11),
(75, 0, 5000, '2019-09-05 15:48:21', '2019-09-08 18:39:00', 5460, 11),
(79, 0, 192.2, '2019-09-05 20:49:39', '2019-09-08 17:08:28', 193.648, 12),
(80, 20, 369.6, '2019-09-07 13:40:32', '2019-09-07 13:40:32', 0, 14),
(81, 20, 4323.2, '2019-09-07 15:29:17', '2019-09-07 23:00:21', 4323.2, 15),
(82, 0, 475.2, '2019-09-07 15:37:41', '2019-09-09 16:55:46', 475, 16),
(83, 20, 3968.6, '2019-09-07 15:53:35', '2019-09-07 23:10:51', 4000, 17),
(84, 0, 4707, '2019-09-07 16:15:12', '2019-09-07 16:16:48', 3000, 18),
(85, 0, 4482.675, '2019-09-07 18:57:36', '2019-09-18 18:54:27', 5979.15, 9),
(86, 0, 291.5, '2019-09-07 22:58:58', '2019-09-07 22:58:58', 0, 9),
(87, 20, 2079.2, '2019-09-08 14:46:24', '2019-09-08 18:39:48', 2079, 19),
(88, 20, 554.6, '2019-09-08 14:48:33', '2019-09-08 14:48:33', 0, 17),
(90, 0, 460.15, '2019-09-08 17:04:15', '2019-09-09 16:53:45', 1500, 9),
(91, 0, 1000, '2019-09-08 17:09:15', '2019-09-17 19:58:43', 1050, 17),
(92, 120, 237.175, '2019-09-08 17:22:08', '2019-09-14 22:07:40', 235, 21),
(93, 0, 462, '2019-09-08 18:37:08', '2019-09-08 18:38:15', 831, 14),
(94, 20, 1762, '2019-09-09 16:51:06', '2019-09-09 18:32:06', 1762, 22),
(95, 20, 1089.2, '2019-09-09 16:52:19', '2019-09-09 18:31:37', 1089, 23),
(96, 20, 376.4, '2019-09-10 15:06:02', '2019-09-10 15:06:02', 0, 11),
(97, 0, 224.4, '2019-09-10 15:06:44', '2019-09-10 15:06:44', 0, 11),
(98, 0, 3290.1, '2019-09-10 15:08:17', '2019-09-10 15:08:18', 0, 11),
(99, 0, 2872.8, '2019-09-10 15:10:53', '2019-09-10 15:10:53', 0, 11),
(100, 0, 415.4, '2019-09-10 15:11:31', '2019-09-14 16:34:07', 8200, 11),
(102, 20, 864.8, '2019-09-10 15:17:27', '2019-09-10 15:17:27', 0, 24),
(103, 0, 105.6, '2019-09-10 15:18:45', '2019-09-10 15:18:45', 0, 24),
(104, 20, 5928.8, '2019-09-10 15:21:30', '2019-09-10 20:51:35', 5928, 25),
(105, 0, 41.25, '2019-09-10 15:22:18', '2019-09-10 20:48:13', 1015, 24),
(106, 20, 112.4, '2019-09-10 15:29:17', '2019-09-10 15:29:17', 0, 15),
(107, 0, 5479.5, '2019-09-10 15:41:59', '2019-09-11 15:22:56', 3685, 18),
(110, 0, 158.05, '2019-09-10 19:07:05', '2019-09-18 18:57:09', 10902.125, 9),
(112, 0, 1092, '2019-09-10 19:09:35', '2019-09-10 19:09:54', 1100, 26),
(113, 0, 10821.525, '2019-09-11 14:56:56', '2019-09-11 14:56:56', 0, 9),
(114, 20, 639.2, '2019-09-11 15:04:34', '2019-09-11 18:28:21', 639, 8),
(116, 0, 934.975, '2019-09-11 20:31:07', '2019-09-11 20:31:07', 0, 9),
(118, 0, 385, '2019-09-12 15:34:11', '2019-09-12 15:34:11', 0, 9),
(119, 20, 23533.75, '2019-09-12 18:27:19', '2019-09-12 20:43:49', 23530, 22),
(120, 20, 777.1, '2019-09-14 13:52:05', '2019-09-17 20:02:17', 777, 28),
(121, 20, 2110.4, '2019-09-14 13:57:11', '2019-09-14 21:31:15', 2090, 24),
(123, 20, 1755.5, '2019-09-14 14:23:16', '2019-09-14 21:32:14', 1775, 30),
(124, 20, 2379.5, '2019-09-14 14:27:21', '2019-09-14 21:33:22', 2379, 19),
(125, 20, 2889.6, '2019-09-14 14:41:49', '2019-09-14 14:41:49', 0, 31),
(126, 20, 540.6, '2019-09-14 14:43:38', '2019-09-14 14:43:38', 0, 32),
(127, 0, 85, '2019-09-14 14:44:22', '2019-09-14 21:33:02', 2985, 31),
(128, 0, 4719, '2019-09-14 14:48:12', '2019-09-14 14:48:12', 0, 33),
(130, 0, 869, '2019-09-14 16:09:04', '2019-09-16 18:26:21', 850, 9),
(135, 0, 297, '2019-09-15 16:14:38', '2019-09-15 16:14:38', 0, 18),
(136, 20, 140.6, '2019-09-15 16:16:15', '2019-09-16 21:46:01', 140, 34),
(137, 20, 991.6, '2019-09-15 16:31:29', '2019-09-17 19:58:06', 990, 35),
(138, 0, 335, '2019-09-15 19:45:28', '2019-09-15 19:45:28', 0, 18),
(139, 0, 60, '2019-09-15 20:36:07', '2019-09-15 20:36:59', 60, 36),
(140, 0, 195.25, '2019-09-17 15:45:33', '2019-09-17 15:45:33', 0, 18),
(141, 0, 1328.25, '2019-09-17 15:52:02', '2019-09-17 15:52:02', 0, 9),
(142, 20, 3247.25, '2019-09-17 21:40:57', '2019-09-17 21:40:57', 0, 38),
(143, 0, 6038.5, '2019-09-17 21:43:17', '2019-09-17 21:43:17', 0, 38),
(145, 20, 1922.8, '2019-09-17 21:47:00', '2019-09-18 18:44:49', 1920, 13),
(146, 20, 690, '2019-09-17 22:38:55', '2019-09-17 22:38:55', 0, 26),
(148, 20, 117.5, '2019-09-18 13:19:50', '2019-09-18 18:43:24', 115, 39),
(149, 20, 904.4, '2019-09-18 13:31:22', '2019-09-18 13:31:22', 0, 11),
(150, 0, 1976, '2019-09-18 13:32:32', '2019-09-18 18:42:55', 3660, 11),
(151, 0, 607.2, '2019-09-18 13:33:31', '2019-09-18 13:33:31', 0, 11),
(152, 0, 4197.6, '2019-09-18 13:35:37', '2019-09-18 13:35:37', 0, 11),
(153, 20, 1176, '2019-09-18 13:37:28', '2019-09-18 13:37:28', 0, 37),
(154, 0, 452, '2019-09-18 13:41:31', '2019-09-18 13:41:31', 0, 18),
(157, 0, 684.375, '2019-09-18 20:59:09', '2019-09-18 20:59:09', 0, 9),
(159, 20, 9989.5, '2019-09-19 14:19:46', '2019-09-19 14:19:46', 0, 8),
(160, 20, 200, '2019-09-19 14:21:01', '2019-09-19 14:21:01', 0, 31),
(161, 0, 489.5, '2019-09-19 14:37:03', '2019-09-19 14:37:03', 0, 42),
(162, 0, 430.55, '2019-09-19 16:03:25', '2019-09-19 16:03:25', 0, 9),
(163, 0, 523, '2019-09-19 20:40:03', '2019-09-19 20:40:03', 0, 8),
(164, 0, 2083.7, '2019-09-21 15:16:39', '2019-09-21 15:16:39', 0, 18),
(165, 0, 214.5, '2019-09-21 19:38:02', '2019-09-21 19:38:02', 0, 26),
(166, 0, 451, '2019-09-21 20:22:59', '2019-09-21 20:22:59', 0, 29),
(167, 0, 5206.65, '2019-09-21 20:36:57', '2019-09-21 20:36:57', 0, 29),
(168, 20, 2607.2, '2019-09-22 17:57:15', '2019-09-22 17:57:15', 0, 45),
(169, 0, 160.8, '2019-09-22 17:57:52', '2019-09-22 17:57:52', 0, 45),
(170, 0, 49.05, '2019-09-22 19:13:04', '2019-09-22 19:13:04', 0, 9),
(172, 20, 11372.8, '2019-09-22 20:26:40', '2019-09-22 20:26:40', 0, 46),
(173, 0, 2470, '2019-09-23 14:12:12', '2019-09-23 14:12:12', 0, 44),
(174, 20, 3633, '2019-09-23 14:18:02', '2019-09-23 14:18:02', 0, 8),
(175, 6, 5894, '2019-09-23 14:33:50', '2019-09-23 14:33:50', 0, 8),
(176, 0, 316.8, '2019-09-23 14:36:39', '2019-09-23 14:36:39', 0, 8),
(177, 0, 2404.95, '2019-09-23 14:38:43', '2019-09-23 14:38:43', 0, 8),
(178, 20, 5898, '2019-09-23 14:43:07', '2019-09-23 14:43:07', 0, 22),
(179, 20, 2767, '2019-09-23 14:45:00', '2019-09-23 14:45:00', 0, 19),
(180, 0, 1512, '2019-09-23 20:54:30', '2019-09-23 20:54:30', 0, 47),
(181, 0, 88.4, '2019-09-23 22:33:52', '2019-09-23 22:33:52', 0, 48),
(183, 20, 3348.8, '2019-09-26 16:21:30', '2019-09-26 16:21:30', 0, 23),
(184, 20, 947.2, '2019-09-26 16:23:07', '2019-09-26 16:23:07', 0, 45),
(185, 20, 1494, '2019-09-26 16:24:37', '2019-09-26 16:24:37', 0, 49),
(186, 20, 215, '2019-09-26 16:25:53', '2019-09-26 16:25:53', 0, 22),
(187, 20, 9757, '2019-09-26 16:29:10', '2019-09-26 16:29:10', 0, 22),
(188, 0, 388, '2019-09-26 16:31:00', '2019-09-26 16:31:00', 0, 31),
(189, 20, 336.8, '2019-09-26 16:32:16', '2019-09-26 16:32:17', 0, 8),
(190, 20, 2343.2, '2019-09-26 16:34:17', '2019-09-26 16:34:17', 0, 24),
(191, 0, 715, '2019-09-26 16:36:22', '2019-09-26 16:36:22', 0, 50),
(193, 0, 2254, '2019-09-26 16:44:17', '2019-09-26 16:44:18', 0, 10),
(194, 0, 2254, '2019-09-26 16:44:20', '2019-09-26 16:44:20', 0, 10),
(195, 0, 2254, '2019-09-26 16:44:20', '2019-09-26 16:44:20', 0, 10),
(196, 0, 181.5, '2019-09-26 16:45:36', '2019-09-26 16:45:36', 0, 10),
(197, 0, 44, '2019-09-26 16:46:19', '2019-09-26 16:46:19', 0, 9),
(198, 0, 659.95, '2019-09-28 15:23:14', '2019-09-28 15:23:14', 0, 18),
(199, 0, 1199, '2019-09-29 15:40:23', '2019-09-29 15:40:23', 0, 51),
(200, 0, 415.25, '2019-09-29 15:41:14', '2019-09-29 15:41:14', 0, 50),
(201, 0, 173.25, '2019-09-29 17:43:59', '2019-09-29 17:43:59', 0, 9),
(202, 0, 454, '2019-09-29 17:48:29', '2019-09-29 17:48:29', 0, 18),
(203, 0, 411.56, '2019-09-29 17:49:50', '2019-09-29 17:49:50', 0, 18),
(204, 0, 11288.7, '2019-09-29 23:12:11', '2019-09-29 23:12:11', 0, 52),
(205, 0, 975.15, '2019-09-30 17:41:32', '2019-09-30 17:41:32', 0, 9),
(206, 20, 508.4, '2019-10-01 16:34:09', '2019-10-01 16:34:09', 0, 19),
(207, 0, 241.2, '2019-10-01 16:35:09', '2019-10-01 16:35:09', 0, 19),
(208, 20, 1722.8, '2019-10-01 16:36:39', '2019-10-01 16:36:39', 0, 11),
(209, 0, 2849.3, '2019-10-01 17:51:48', '2019-10-01 17:51:48', 0, 12),
(210, 0, 2349.6, '2019-10-01 19:58:47', '2019-10-01 19:58:47', 0, 33),
(211, 0, 345, '2019-10-01 20:12:37', '2019-10-01 20:12:37', 0, 36),
(212, 20, 690, '2019-10-01 23:08:45', '2019-10-01 23:08:45', 0, 30),
(213, 0, 3999.6, '2019-10-01 23:12:51', '2019-10-01 23:12:51', 0, 30),
(214, 0, 198, '2019-10-01 23:47:11', '2019-10-01 23:47:11', 0, 53),
(215, 20, 567.2, '2019-10-02 13:06:33', '2019-10-02 13:06:33', 0, 45),
(216, 0, 214.4, '2019-10-02 13:08:20', '2019-10-02 13:08:20', 0, 45),
(217, 0, 435.6, '2019-10-02 13:18:38', '2019-10-02 13:18:38', 0, 12),
(218, 20, 244.4, '2019-10-02 13:24:49', '2019-10-02 13:24:49', 0, 24),
(219, 0, 165.6, '2019-10-02 13:28:23', '2019-10-02 13:28:23', 0, 54),
(220, 0, 984.75, '2019-10-02 13:31:02', '2019-10-02 13:31:02', 0, 10),
(221, 20, 21203.5, '2019-10-02 16:51:25', '2019-10-02 16:51:25', 0, 18),
(222, 20, 8483.4, '2019-10-02 19:49:42', '2019-10-02 19:49:42', 0, 55),
(224, 20, 4502.2, '2019-10-03 16:35:28', '2019-10-03 16:35:28', 0, 59),
(225, 0, 972.8, '2019-10-03 16:38:51', '2019-10-03 16:38:51', 0, 59),
(226, 0, 657, '2019-10-03 16:40:07', '2019-10-03 16:40:07', 0, 59),
(227, 0, 204.4, '2019-10-03 16:41:01', '2019-10-03 16:41:01', 0, 59),
(228, 0, 422.4, '2019-10-03 16:41:59', '2019-10-03 16:41:59', 0, 24),
(229, 0, 247, '2019-10-03 16:45:28', '2019-10-03 16:45:28', 0, 10),
(230, 0, 1810.4, '2019-10-03 16:48:16', '2019-10-03 16:48:16', 0, 54),
(231, 0, 252, '2019-10-03 16:48:54', '2019-10-03 16:48:54', 0, 50),
(232, 0, 285.2, '2019-10-03 16:51:14', '2019-10-03 16:51:14', 0, 50);

-- --------------------------------------------------------

--
-- Table structure for table `components`
--

CREATE TABLE `components` (
  `id` int(11) NOT NULL,
  `section_id` int(11) DEFAULT NULL,
  `name` varchar(100) NOT NULL,
  `num` varchar(20) NOT NULL,
  `quantity` double NOT NULL,
  `updated_at` timestamp NOT NULL DEFAULT CURRENT_TIMESTAMP,
  `created_at` timestamp NULL DEFAULT CURRENT_TIMESTAMP
) ENGINE=InnoDB DEFAULT CHARSET=utf8;

--
-- Dumping data for table `components`
--

INSERT INTO `components` (`id`, `section_id`, `name`, `num`, `quantity`, `updated_at`, `created_at`) VALUES
(1, 30, 'حلق جرار بار وسلك ', '0', 32.5, '2019-08-22 13:31:34', '2019-08-22 13:31:34'),
(2, 30, 'حلق جرار بدون بار ', '0', 11.5, '2019-08-22 14:46:54', '2019-08-22 14:46:54'),
(3, 30, 'حلق جرار بدون بار وبدون سلك  ', '0', 6, '2019-08-22 14:47:17', '2019-08-22 14:47:17'),
(4, 30, 'حلق جرار بدون سلك ', '0', 8, '2019-08-22 14:53:45', '2019-08-22 14:53:45'),
(5, 30, 'دلفة جرار سينجل ', '0', 119, '2019-08-22 14:54:34', '2019-08-22 14:54:34'),
(6, 30, 'دلفة جرار دبل ', '0', 5, '2019-08-22 14:54:55', '2019-08-22 14:54:55'),
(7, 30, 'سلك صغير نصف مقبض', '0', 48, '2019-08-22 14:55:26', '2019-08-22 14:55:26'),
(9, 30, 'سكينة صغيرة ', '0', 20, '2019-08-22 14:57:32', '2019-08-22 14:57:32'),
(10, 30, 'بار عدل 7 سم بكلبس', '0', 2, '2019-08-22 14:58:49', '2019-08-22 14:58:49'),
(11, 30, 'بار عدل 5 سم بدون كلبس', '0', 9, '2019-08-22 15:00:26', '2019-08-22 15:00:26'),
(13, 30, 'بار بومبية 5 سم ', '0', 14, '2019-08-22 15:02:34', '2019-08-22 15:02:34'),
(14, 30, 'بار مشترك', '0', 21, '2019-08-22 15:03:44', '2019-08-22 15:03:44'),
(15, 30, 'تقابل 4 دلفة ', '0', 9, '2019-08-22 15:05:13', '2019-08-22 15:05:13'),
(16, 30, 'حلق مفصلي بار 5 سم بومبية ', '0', 3, '2019-08-22 15:38:18', '2019-08-22 15:38:18'),
(17, 30, 'حلق مفصلي بار 5 سم عدل ', '0', 5, '2019-08-22 15:38:57', '2019-08-22 15:38:57'),
(18, 30, 'حلق مفصلي بار 2.5 سم عدل ', '0', 0, '2019-08-22 15:39:30', '2019-08-22 15:39:30'),
(19, 30, 'حلق مفصلي ثابت بدون بار ', '1', 2, '2019-08-22 15:39:54', '2019-08-22 15:39:54'),
(20, 30, 'حلق مفصلي ثابت بمجري بار ', '1', 0, '2019-08-22 15:40:21', '2019-08-22 15:40:21'),
(21, 30, 'صغير مفتوح Z', '1', 0, '2019-08-22 15:41:05', '2019-08-22 15:41:05'),
(22, 30, 'كبير بعلبة Z', '0', 2.5, '2019-08-22 15:41:32', '2019-08-22 15:41:32'),
(23, 30, 'بباكتة سينجل Z', '0', 10, '2019-08-22 15:42:19', '2019-08-22 15:42:19'),
(24, 30, 'بباكتة دبل Z', '0', 2, '2019-08-22 15:42:51', '2019-08-22 15:42:51'),
(25, 30, 'سوقاس صغير 35 T', '0', 6.5, '2019-08-22 15:43:25', '2019-08-22 15:43:25'),
(26, 30, 'سوقاس عريض 76 T', '0', 1.5, '2019-08-22 15:44:04', '2019-08-22 15:44:04'),
(27, 30, 'جلســـــــــة', '0', 1.5, '2019-08-22 15:44:43', '2019-08-22 15:44:43'),
(28, 30, 'صداد T', '0', 4, '2019-08-22 15:45:29', '2019-08-22 15:45:29'),
(29, 30, 'باكتة سينجل ', '0', 25.5, '2019-08-22 15:45:56', '2019-08-22 15:45:56'),
(30, 30, 'باكتة دبل ', '0', 24, '2019-08-22 15:46:21', '2019-08-22 15:46:21'),
(31, 30, 'باكتة بشفة عريضة ', '0', 14, '2019-08-22 15:46:46', '2019-08-22 15:46:46'),
(32, 31, 'حلق جرار بار وسلك كبير', '0', 12, '2019-08-22 15:49:38', '2019-08-22 15:49:38'),
(33, 31, 'حلق جرار بدون بار كبير ', '0', 7.5, '2019-08-22 15:49:54', '2019-08-22 15:49:54'),
(34, 31, 'دلفة جرار سينجل كبير', '1', 31, '2019-08-22 15:50:08', '2019-08-22 15:50:08'),
(35, 31, 'دلفة جرار دبل كبير', '0', 4.5, '2019-08-22 15:50:37', '2019-08-22 15:50:37'),
(36, 31, 'سلك كبير بمقبض', '0', 4, '2019-08-22 15:51:00', '2019-08-22 15:51:00'),
(37, 31, 'سكينة كبيرة', '0', 8.5, '2019-08-22 15:51:19', '2019-08-22 15:51:19'),
(38, 31, 'تقابل 4 دلفة كبير', '0', 4, '2019-08-22 15:52:15', '2019-08-22 15:52:15'),
(39, 31, 'فيكس كبير ', '0', 2, '2019-08-22 15:54:26', '2019-08-22 15:54:26'),
(40, 32, ' حلق جرار بار وسلك تانجو الشريف ', '0', 3, '2019-08-22 16:06:08', '2019-08-22 16:06:08'),
(41, 32, 'دلفة جرار سينجل تانجو', '0', 11, '2019-08-22 16:11:47', '2019-08-22 16:11:47'),
(42, 32, 'دلفة جرار دبل تانجو', '0', 3.5, '2019-08-22 16:12:17', '2019-08-22 16:12:17'),
(43, 32, 'سكينة تانجو ', '0', 1.5, '2019-08-22 16:12:36', '2019-08-22 16:12:36'),
(44, 33, 'حلق جرار بار وسلك بومبية چامبو الشريف ', '0', 11, '2019-08-22 16:14:46', '2019-08-22 16:14:46'),
(45, 33, 'حلق جرار بدون بار چامبو الشريف', '0', 4, '2019-08-22 16:15:02', '2019-08-22 16:15:02'),
(46, 33, 'حلق جرار بار وسلك عدل چامبو الشريف', '0', 3, '2019-08-22 16:16:15', '2019-08-22 16:16:15'),
(47, 33, 'دلفة جرار سينجل چامبو الشريف', '0', 3, '2019-08-22 16:16:38', '2019-08-22 16:16:38'),
(48, 33, 'دلفة جرار دبل چامبو الشريف', '0', 10, '2019-08-22 16:17:08', '2019-08-22 16:17:08'),
(49, 33, 'بار بومبية 5 سم چامبو الشريف', '0', 10, '2019-08-22 16:49:45', '2019-08-22 16:49:45'),
(50, 33, 'سكينة چامبو الشريف', '0', 6, '2019-08-22 16:50:20', '2019-08-22 16:50:20'),
(51, 33, 'بار مشترك چامبو الشريف', '0', 17, '2019-08-22 16:50:42', '2019-08-22 16:50:42'),
(52, 34, ' حلق مفصلي بار 5 سم بومبية تكنال الشريف', '0', 7.5, '2019-08-22 16:51:30', '2019-08-22 16:51:30'),
(53, 34, 'حلق مفصلي بار 5 سم عدل تكنال الشريف', '0', 2.5, '2019-08-22 16:52:54', '2019-08-22 16:52:54'),
(54, 34, ' صغير مفتوح  تكنال الشريف Z ', '0', 8, '2019-08-22 16:53:45', '2019-08-22 16:53:45'),
(55, 34, 'كبير تكنال الشريف Z', '0', 7, '2019-08-22 16:54:37', '2019-08-22 16:54:37'),
(56, 34, 'بباكتة سينجل تكنال الشريف Z', '0', 10.5, '2019-08-22 16:55:15', '2019-08-22 16:55:15'),
(57, 34, 'بباكتة دبل تكنال الشريف Z', '0', 4, '2019-08-22 16:55:47', '2019-08-22 16:55:47'),
(58, 34, 'سوقاس صغير 35 تكنال شريف T', '0', 3, '2019-08-22 16:56:56', '2019-08-22 16:56:56'),
(59, 34, 'سوقاس عريض 76 تكنال شريف T', '0', 2, '2019-08-22 16:57:17', '2019-08-22 16:57:17'),
(60, 34, 'جلســـــــــة تكنال شريف ', '0', 2, '2019-08-22 16:57:46', '2019-08-22 16:57:46'),
(61, 34, 'باكتة سينجل تكنال الشريف ', '0', 16, '2019-08-22 16:58:55', '2019-08-22 16:58:55'),
(62, 34, 'باكتة دبل تكنال الشريف ', '0', 5, '2019-08-22 16:59:16', '2019-08-22 16:59:16'),
(63, 34, 'صداد تكنال الشريف T', '0', 6, '2019-08-22 16:59:46', '2019-08-22 16:59:46'),
(64, 30, 'حلق مفصلي بار مقلوب ', '0', 28, '2019-08-26 15:05:28', '2019-08-26 15:05:28'),
(65, 35, 'بار موقور بومبية ', '0', 20, '2019-08-26 15:24:32', '2019-08-26 15:24:32'),
(66, 36, 'حلق جرار بار وسلك بومبية چامبو امراتي', '0', 3.5, '2019-08-26 15:26:41', '2019-08-26 15:26:41'),
(67, 36, 'حلق جرار بدون بار چامبو امراتي', '0', 5, '2019-08-26 15:27:20', '2019-08-26 15:27:20'),
(68, 36, 'دلفة جرار دبل چامبو امراتي', '0', 6, '2019-08-26 15:27:40', '2019-08-26 15:27:40'),
(69, 36, 'دلفة جرار سينجل چامبو امراتي', '0', 9, '2019-08-26 15:28:07', '2019-08-26 15:28:07'),
(70, 36, 'سكينة چامبو امراتي', '0', 9, '2019-08-26 15:28:37', '2019-08-26 15:28:37'),
(71, 37, 'حلق جرار بار وسلك بومبية تانجو امراتي', '0', 5, '2019-08-26 15:29:45', '2019-08-26 15:29:45'),
(72, 37, 'حلق جرار بدون بار تانجو امراتي', '0', 11, '2019-08-26 15:30:30', '2019-08-26 15:30:30'),
(73, 37, 'دلفة جرار سينجل تانجو امراتي', '0', 7, '2019-08-26 15:30:53', '2019-08-26 15:30:53'),
(74, 37, 'دلفة جرار دبل تانجو امراتي', '0', 5, '2019-08-26 15:31:15', '2019-08-26 15:31:15'),
(75, 37, 'سكينة تانجو امراتي', '0', 0, '2019-08-26 15:31:36', '2019-08-26 15:31:36'),
(76, 38, 'حلق مفصلي بار 5سم بومبية تكنال امراتي', '0', 7.5, '2019-08-26 15:33:22', '2019-08-26 15:33:22'),
(77, 38, 'حلق مفصلي بار 5سم عدل تكنال امراتي', '0', 4, '2019-08-26 15:34:38', '2019-08-26 15:34:38'),
(78, 38, 'صغير مفتوح  تكنال امراتي Z', '0', 1, '2019-08-26 15:40:11', '2019-08-26 15:40:11'),
(79, 38, 'كبير تكنال امراتي Z', '0', 6, '2019-08-26 15:41:05', '2019-08-26 15:41:05'),
(80, 38, 'بباكتة دبل تكنال امراتي Z', '0', 1.5, '2019-08-26 15:41:39', '2019-08-26 15:41:39'),
(81, 38, 'باكتة دبل تكنال امراتي', '0', 10, '2019-08-26 15:44:24', '2019-08-26 15:44:24'),
(82, 38, 'سوقاس عريض 76 تكنال امراتيT', '0', 1, '2019-08-26 15:45:53', '2019-08-26 15:45:53'),
(83, 38, 'فيكس تكنال امراتي ', '0', 3, '2019-08-26 15:46:13', '2019-08-26 15:46:13'),
(84, 36, 'بار بومبية 5 سم چامبو امراتي', '0', 8, '2019-08-26 15:47:07', '2019-08-26 15:47:07'),
(85, 36, 'سلك جامبو معدل ', '0', 2, '2019-08-26 15:47:27', '2019-08-26 15:47:27'),
(86, 35, 'سلك فالف بمقبض ', '0', 5, '2019-08-26 15:47:59', '2019-08-26 15:47:59'),
(87, 39, 'دلفة دبل فايبر مجري زجاج ', '0', 9, '2019-08-26 15:49:50', '2019-08-26 15:49:50'),
(88, 39, 'دلفة مطبخ 8 سم', '0', 21, '2019-08-26 15:50:22', '2019-08-26 15:50:22'),
(89, 39, 'دلفة مطبخ 6 سم', '0', 1, '2019-08-26 15:50:39', '2019-08-26 15:50:39'),
(90, 39, 'دلفة مطبخ كلاسيك ', '0', 7, '2019-08-26 15:50:58', '2019-08-26 15:50:58'),
(91, 39, 'دلفة دبل فايبر دوران كبير ', '0', 16, '2019-08-26 15:52:31', '2019-08-26 15:52:31'),
(92, 39, 'علبة 4*4 عدل ', '0', 14, '2019-08-26 15:53:41', '2019-08-26 15:53:41'),
(93, 39, ' U علبة 4*4 دوران ب ', '0', 7, '2019-08-26 15:57:22', '2019-08-26 15:57:22'),
(94, 39, 'علبة 4*4 دوران بدون شفة', '0', 3, '2019-08-26 15:58:14', '2019-08-26 15:58:14'),
(95, 39, 'علبة 2*4', '0', 4, '2019-08-26 15:58:31', '2019-08-26 15:58:31'),
(96, 39, 'علبة 5*10', '0', 2, '2019-08-26 15:58:47', '2019-08-26 15:58:47'),
(97, 39, 'علبة 4*10', '0', 2, '2019-08-26 15:59:04', '2019-08-26 15:59:04'),
(98, 39, 'علبة 4*8', '0', 5, '2019-08-26 15:59:28', '2019-08-26 15:59:28'),
(99, 39, 'زاوية 1.5*1.5', '0', 44, '2019-08-26 15:59:46', '2019-08-26 15:59:46'),
(100, 39, 'U 16', '0', 12, '2019-08-26 16:00:06', '2019-08-26 16:00:06'),
(101, 39, 'علبة 2.5*2.5 دوران بشفة', '0', 23, '2019-08-26 16:00:55', '2019-08-26 16:00:55'),
(102, 39, 'علبة 2*8', '0', 36, '2019-08-26 16:01:13', '2019-08-26 16:01:13'),
(103, 39, 'علبة 2*10', '0', 22, '2019-08-26 16:01:27', '2019-08-26 16:01:27'),
(104, 39, 'كـــــورنيشـــــــة ', '0', 71, '2019-08-26 16:01:46', '2019-08-26 16:01:46'),
(105, 39, 'متبـــــــاعـــــــد', '0', 0, '2019-08-26 16:02:01', '2019-08-26 16:02:01'),
(106, 39, 'دلفة مطبخ دبل فايبر عدل ', '0', 251, '2019-08-26 16:02:59', '2019-08-26 16:02:59'),
(107, 39, 'مـــــفـــــــرد', '0', 69, '2019-08-26 16:03:36', '2019-08-26 16:03:36'),
(108, 39, 'متقــــــــــــارب', '0', 79, '2019-08-26 16:03:55', '2019-08-26 16:03:55'),
(109, 40, 'سلك ثابت السعد ', '0', 92.5, '2019-08-26 16:04:27', '2019-08-26 16:04:27'),
(110, 40, 'C10 تجاليد', '0', 8, '2019-08-26 16:04:57', '2019-08-26 16:04:57'),
(111, 40, 'سوقاس جرار السعد', '0', 4, '2019-08-26 16:05:15', '2019-08-26 16:05:15'),
(112, 40, 'باكتة السعد', '0', 21, '2019-08-26 16:05:31', '2019-08-26 16:05:31'),
(113, 40, 'سلك جرار السعد 1515', '0', 25, '2019-08-26 16:05:50', '2019-08-26 16:05:50'),
(114, 40, 'صغير مفتوح السعد Z', '0', 6, '2019-08-26 16:06:32', '2019-08-26 16:06:32'),
(115, 40, 'سوقاس صغير 35 السعد T', '0', 2, '2019-08-26 16:08:08', '2019-08-26 16:08:08'),
(116, 40, 'حلق مفصلي بار 5سم عدل السعد', '0', 3, '2019-08-26 16:08:36', '2019-08-26 16:08:36'),
(117, 40, '2.5 حلق مفصلي بار مقلوب ', '0', 7, '2019-08-26 16:09:05', '2019-08-26 16:09:05'),
(144, 39, 'دلفة دبل فايبر دوران صغير', '0', 26, '2019-08-26 16:41:49', '2019-08-26 16:41:49'),
(145, 30, 'فيكس صغير ', '0', 0, '2019-08-26 16:46:21', '2019-08-26 16:46:21'),
(146, 33, 'حلق جرار بار وسلك بومبية بتراك چامبو الشريف ', '0', 0, '2019-08-26 17:25:08', '2019-08-26 17:25:08'),
(147, 46, 'لوح شيت 2متر *1متر   1 مم', '0', 4, '2019-08-29 14:41:07', '2019-08-29 14:41:07'),
(148, 33, 'بار 5 سم عدل جامبو الشريف ', '0', 0, '2019-08-29 15:52:55', '2019-08-29 15:52:55'),
(155, 39, 'علبة 5*5', '0', 11, '2019-09-16 20:49:01', '2019-09-16 20:49:01'),
(156, 34, 'حلق مفصلي ثابت بمجري بار ', '0', 3, '2019-09-22 19:14:56', '2019-09-22 19:14:56'),
(157, 33, 'تقابل 4 دلفة جامبو الشريف', '0', 0, '2019-09-22 20:08:16', '2019-09-22 20:08:16'),
(159, 49, 'بار مفرد 1 سم الشريف', '0', 0, '2019-09-23 14:19:49', '2019-09-23 14:19:49'),
(160, 34, 'فيكس تكنال الشريف', '0', 0, '2019-09-23 14:37:35', '2019-09-23 14:37:35'),
(161, 40, 'لوفر ', '0', 2, '2019-09-26 16:11:38', '2019-09-26 16:11:38'),
(162, 40, 'zكبير مفتوح', '0', 0, '2019-10-02 13:15:49', '2019-10-02 13:15:49'),
(163, 40, 'سوقاس عريض 76 السعدT', '0', 0.5, '2019-10-02 13:16:27', '2019-10-02 13:16:27');

-- --------------------------------------------------------

--
-- Table structure for table `customers`
--

CREATE TABLE `customers` (
  `id` int(11) NOT NULL,
  `name` varchar(100) NOT NULL,
  `phone` varchar(15) DEFAULT NULL,
  `address` text,
  `payment` double NOT NULL,
  `created_at` timestamp NULL DEFAULT CURRENT_TIMESTAMP,
  `updated_at` timestamp NULL DEFAULT CURRENT_TIMESTAMP
) ENGINE=InnoDB DEFAULT CHARSET=utf8;

--
-- Dumping data for table `customers`
--

INSERT INTO `customers` (`id`, `name`, `phone`, `address`, `payment`, `created_at`, `updated_at`) VALUES
(8, 'حسين كمال ', NULL, NULL, 4.650000000000716, '2019-09-04 16:21:47', '2019-09-26 16:32:34'),
(9, 'محمد مجدي سنارة ', NULL, NULL, -381.72500000000014, '2019-09-04 18:53:23', '2019-09-30 18:05:59'),
(10, 'احمد الحاوي بلية ', NULL, NULL, -2.900000000000091, '2019-09-04 18:53:46', '2019-10-13 13:59:06'),
(11, 'محمود الامين', NULL, NULL, -1.2999999999999545, '2019-09-05 15:42:52', '2019-10-02 23:50:15'),
(12, 'محمد رمضان', NULL, NULL, 6.5479999999997744, '2019-09-05 20:46:34', '2019-10-02 15:07:41'),
(13, 'مصطفي علي ', NULL, NULL, -2.8, '2019-09-07 13:38:26', '2019-09-18 21:50:47'),
(14, 'مصطفي ابراهيم ', '0', 'فيصل', -0.60000000000002, '2019-09-07 13:39:37', '2019-09-18 21:50:41'),
(15, 'احمد حجاج', NULL, NULL, 2.5999999999999943, '2019-09-07 15:25:47', '2019-09-28 21:17:34'),
(16, 'مايكل', NULL, NULL, -0.19999999999999, '2019-09-07 15:30:06', '2019-09-18 21:49:24'),
(17, 'حسن ناصر', NULL, NULL, -0.19999999999998863, '2019-09-07 15:38:09', '2019-09-22 20:49:14'),
(18, 'اشرف عيسي ', NULL, NULL, -21863.46, '2019-09-07 16:11:39', '2019-10-02 16:51:25'),
(19, 'كريم المنشية ', NULL, NULL, -0.29999999999972715, '2019-09-08 14:45:04', '2019-10-01 22:50:03'),
(21, 'عصام الصيرفي', NULL, NULL, -2.175, '2019-09-08 17:20:50', '2019-09-18 21:48:09'),
(22, 'محمد مجدي الديب ', NULL, NULL, -22.75, '2019-09-09 16:48:45', '2019-09-26 17:11:32'),
(23, 'علي حريقة ', NULL, NULL, 0.9999999999995453, '2019-09-09 16:48:53', '2019-09-28 20:07:38'),
(24, 'محمد طه', NULL, NULL, -692.05, '2019-09-10 15:16:38', '2019-10-03 16:42:00'),
(25, 'معوض', NULL, NULL, -0.80000000000018, '2019-09-10 15:19:21', '2019-09-18 21:50:52'),
(26, 'محمد هدية ', NULL, NULL, 0, '2019-09-10 15:42:35', '2019-09-22 22:54:44'),
(28, 'محمد جابر ', '0', 'الصفطاوي', -0.10000000000002, '2019-09-14 13:50:02', '2019-09-18 21:49:30'),
(29, 'ابراهيم عويس ', '0', 'ناهيا ', -246.64999999999964, '2019-09-14 14:17:18', '2019-09-21 21:30:47'),
(30, 'عمرو الامين ', '0', 'فصيل', -0.1000000000003638, '2019-09-14 14:22:16', '2019-10-02 20:08:00'),
(31, 'هلال ', '0', 'ميدان الساعة', -7.600000000000023, '2019-09-14 14:41:07', '2019-09-26 16:31:30'),
(32, 'صالح ', '0', 'فيصل ', -0.6000000000000227, '2019-09-14 14:42:15', '2019-09-26 16:18:03'),
(33, 'احمد سليمان ', '0', 'ميدان الساعة', -4718.6, '2019-09-14 14:46:49', '2019-10-01 21:30:55'),
(34, 'محمد خير ', '0', 'فيصل ', -0.59999999999999, '2019-09-15 16:15:35', '2019-09-18 21:49:36'),
(35, 'اشرف حسني ', '0', 'فيصل ', -1.6, '2019-09-15 16:24:29', '2019-09-18 21:47:34'),
(36, 'محمد عوض ', '0', 'شارع ناهيا', 0, '2019-09-15 20:35:33', '2019-10-01 22:11:43'),
(37, 'عمرو صالح', '0', 'فيصل', -1, '2019-09-16 21:43:30', '2019-09-19 20:40:40'),
(38, 'عماد وحيد', '0', 'فيصل ', -9285.75, '2019-09-17 19:56:38', '2019-09-18 21:48:35'),
(39, 'ياسر فتحي', '0', 'فيصل', -2.5, '2019-09-18 13:18:46', '2019-09-18 21:51:16'),
(42, 'هرم', '0', '0', 0.5, '2019-09-19 14:35:17', '2019-09-19 15:26:52'),
(44, 'احمد زكي', '0', 'ناهيا ', 0, '2019-09-21 19:52:39', '2019-09-23 20:42:28'),
(45, 'كريم رمضان', '0', 'فيصل', -1.8000000000000682, '2019-09-22 17:56:02', '2019-10-02 20:08:26'),
(46, 'محمد صلاح ', '0', 'ناهيا ', -2372.7999999999993, '2019-09-22 20:18:58', '2019-09-22 20:26:41'),
(47, 'هيثم زغول ', '0', 'الغردقة', -1512, '2019-09-23 20:53:53', '2019-09-23 20:54:32'),
(48, 'شركة كات اند فيت', '0', 'فيصل', 1.5999999999999943, '2019-09-23 22:33:18', '2019-09-26 16:17:48'),
(49, 'اسحاق', '0', 'شارع ناهيا', -1494, '2019-09-26 16:23:32', '2019-09-26 16:24:37'),
(50, 'كالوشة', '0', 'ناهيا ', -552.45, '2019-09-26 16:35:09', '2019-10-03 16:51:15'),
(51, 'يوسف', '0', 'ناهيا ', 1, '2019-09-29 15:38:39', '2019-09-29 15:41:46'),
(52, 'صلاح شنن', '0', 'ناهيا ', -5438.700000000001, '2019-09-29 23:00:16', '2019-09-30 15:52:37'),
(53, 'ايمن عاطف', '0', '0', 2, '2019-10-01 23:46:12', '2019-10-02 20:12:05'),
(54, 'سامح الحنفي', '0', 'ناهيا ', 24, '2019-10-02 13:27:43', '2019-10-03 19:06:43'),
(55, 'احمد مأمون', '0', 'فيصل', -198.39999999999964, '2019-10-02 19:43:01', '2019-10-02 23:49:29'),
(59, 'عبد الحميد', '0', 'فيصل', -3336.4, '2019-10-02 20:08:56', '2019-10-03 16:41:02'),
(60, 'احمد عماد', '0', 'ناهيا ', 0, '2019-10-03 19:06:16', '2019-10-03 19:06:16');

-- --------------------------------------------------------

--
-- Table structure for table `migrations`
--

-- Table structure for table `sections`
--

CREATE TABLE `sections` (
  `id` int(11) NOT NULL,
  `name` varchar(100) NOT NULL,
  `created_at` timestamp NOT NULL DEFAULT CURRENT_TIMESTAMP,
  `updated_at` timestamp NULL DEFAULT CURRENT_TIMESTAMP
) ENGINE=InnoDB DEFAULT CHARSET=utf8;

--
-- Dumping data for table `sections`
--

INSERT INTO `sections` (`id`, `name`, `created_at`, `updated_at`) VALUES
(30, 'صغير p. s', '2019-08-22 13:31:04', '2019-08-22 13:31:04'),
(31, 'كبير p. s', '2019-08-22 15:48:30', '2019-08-22 15:48:30'),
(32, 'تانجو الشريف ', '2019-08-22 15:55:08', '2019-08-22 15:55:08'),
(33, 'چامبو الشريف ', '2019-08-22 16:13:32', '2019-08-22 16:13:32'),
(34, 'تكنال الشريف ', '2019-08-22 16:51:10', '2019-08-22 16:51:10'),
(35, 'فالف', '2019-08-26 15:23:59', '2019-08-26 15:23:59'),
(36, 'جامبو امراتي', '2019-08-26 15:25:59', '2019-08-26 15:25:59'),
(37, 'تانجو امراتي', '2019-08-26 15:28:58', '2019-08-26 15:28:58'),
(38, 'تكنال امراتي', '2019-08-26 15:32:16', '2019-08-26 15:32:16'),
(39, 'مطابخ', '2019-08-26 15:48:32', '2019-08-26 15:48:32'),
(40, 'السعد', '2019-08-26 16:04:08', '2019-08-26 16:04:08'),
(46, 'شيت 1 مم', '2019-08-29 14:40:39', '2019-08-29 14:40:39'),
(49, 'بار مفرد اسم الشريف', '2019-09-23 14:19:27', '2019-09-23 14:19:27');

-- --------------------------------------------------------

--
-- Table structure for table `sub_bills`
--

CREATE TABLE `sub_bills` (
  `id` int(10) UNSIGNED NOT NULL,
  `color` varchar(255) COLLATE utf8_unicode_ci DEFAULT NULL,
  `weight` decimal(8,2) DEFAULT NULL,
  `price` decimal(8,2) DEFAULT NULL,
  `total_price` decimal(8,2) DEFAULT NULL,
  `quantity` double NOT NULL,
  `section_id` int(10) UNSIGNED NOT NULL,
  `sub_id` int(11) NOT NULL,
  `bill_id` int(10) UNSIGNED NOT NULL,
  `created_at` timestamp NULL DEFAULT NULL,
  `updated_at` timestamp NULL DEFAULT NULL
) ENGINE=InnoDB DEFAULT CHARSET=utf8 COLLATE=utf8_unicode_ci;

--
-- Dumping data for table `sub_bills`
--

INSERT INTO `sub_bills` (`id`, `color`, `weight`, `price`, `total_price`, `quantity`, `section_id`, `sub_id`, `bill_id`, `created_at`, `updated_at`) VALUES
(241, 'بدون لون', '15.20', '54.50', '828.40', 1, 30, 21, 71, '2019-09-04 19:47:17', '2019-09-04 19:47:17'),
(242, NULL, NULL, NULL, NULL, 0.5, 30, 23, 71, '2019-09-04 19:47:17', '2019-09-04 19:47:17'),
(243, NULL, NULL, NULL, NULL, 0.5, 30, 25, 71, '2019-09-04 19:47:17', '2019-09-04 19:47:17'),
(244, NULL, NULL, NULL, NULL, 2, 30, 29, 71, '2019-09-04 19:47:17', '2019-09-04 19:47:17'),
(245, NULL, NULL, NULL, NULL, 1, 30, 64, 71, '2019-09-04 19:47:17', '2019-09-04 19:47:17'),
(246, '0', '0.00', '0.00', NULL, 2, 40, 112, 71, '2019-09-04 19:47:17', '2019-09-04 19:47:17'),
(248, '8017', '3.60', '67.00', '241.20', 0.5, 30, 25, 73, '2019-09-05 15:43:54', '2019-09-05 15:43:54'),
(249, NULL, NULL, NULL, NULL, 1, 30, 29, 73, '2019-09-05 15:43:54', '2019-09-05 15:43:54'),
(250, NULL, NULL, NULL, NULL, 4, 39, 107, 73, '2019-09-05 15:43:54', '2019-09-05 15:43:54'),
(251, '2013', '14.20', '76.00', '1079.20', 4, 39, 108, 73, '2019-09-05 15:43:54', '2019-09-05 15:43:54'),
(252, '1315', '1.80', '66.00', '118.80', 1, 39, 90, 74, '2019-09-05 15:44:39', '2019-09-05 15:44:39'),
(253, '1013', '1.00', '5000.00', '5000.00', 1, 40, 109, 75, '2019-09-05 15:48:21', '2019-09-05 15:48:21'),
(260, '1013', '1.00', '80.00', '80.00', 1, 39, 100, 79, '2019-09-05 20:49:39', '2019-09-05 20:49:39'),
(261, '1013', '1.70', '66.00', '112.20', 1, 40, 113, 79, '2019-09-05 20:49:39', '2019-09-05 20:49:39'),
(262, 'فضي 1000', '4.60', '76.00', '349.60', 2, 39, 104, 80, '2019-09-07 13:40:32', '2019-09-07 13:40:32'),
(263, '7001+9010', '65.20', '66.00', '4303.20', 2, 39, 90, 81, '2019-09-07 15:29:17', '2019-09-07 15:29:17'),
(264, NULL, NULL, NULL, NULL, 1, 39, 95, 81, '2019-09-07 15:29:17', '2019-09-07 15:29:17'),
(265, NULL, NULL, NULL, NULL, 1, 39, 103, 81, '2019-09-07 15:29:17', '2019-09-07 15:29:17'),
(266, NULL, NULL, NULL, NULL, 1, 39, 104, 81, '2019-09-07 15:29:17', '2019-09-07 15:29:17'),
(267, NULL, NULL, NULL, NULL, 9, 39, 106, 81, '2019-09-07 15:29:17', '2019-09-07 15:29:17'),
(268, NULL, NULL, NULL, NULL, 13, 39, 107, 81, '2019-09-07 15:29:17', '2019-09-07 15:29:17'),
(269, NULL, NULL, NULL, NULL, 9, 39, 108, 81, '2019-09-07 15:29:17', '2019-09-07 15:29:17'),
(270, '7039', '7.20', '66.00', '475.20', 2, 39, 107, 82, '2019-09-07 15:37:41', '2019-09-07 15:37:41'),
(271, NULL, NULL, NULL, NULL, 2, 39, 108, 82, '2019-09-07 15:37:41', '2019-09-07 15:37:41'),
(272, '1013', '8.10', '65.00', '526.50', 1, 30, 13, 83, '2019-09-07 15:53:35', '2019-09-07 15:53:35'),
(273, NULL, NULL, NULL, NULL, 1, 30, 16, 83, '2019-09-07 15:53:35', '2019-09-07 15:53:35'),
(274, NULL, NULL, NULL, NULL, 2, 30, 29, 83, '2019-09-07 15:53:35', '2019-09-07 15:53:35'),
(275, '1013', '51.85', '66.00', '3422.10', 1, 39, 89, 83, '2019-09-07 15:53:35', '2019-09-07 15:53:35'),
(276, NULL, NULL, NULL, NULL, 8, 39, 106, 83, '2019-09-07 15:53:35', '2019-09-07 15:53:35'),
(277, NULL, NULL, NULL, NULL, 13, 39, 107, 83, '2019-09-07 15:53:35', '2019-09-07 15:53:35'),
(278, NULL, NULL, NULL, NULL, 7, 39, 108, 83, '2019-09-07 15:53:35', '2019-09-07 15:53:35'),
(279, '1013', '1.00', '285.00', '285.00', 1, 30, 16, 84, '2019-09-07 16:15:12', '2019-09-07 16:15:12'),
(280, NULL, NULL, NULL, NULL, 1, 39, 90, 84, '2019-09-07 16:15:12', '2019-09-07 16:15:12'),
(281, NULL, NULL, NULL, NULL, 1, 39, 102, 84, '2019-09-07 16:15:12', '2019-09-07 16:15:12'),
(282, '4007', '66.00', '67.00', '4422.00', 12, 39, 106, 84, '2019-09-07 16:15:12', '2019-09-07 16:15:12'),
(283, NULL, NULL, NULL, NULL, 12, 39, 107, 84, '2019-09-07 16:15:12', '2019-09-07 16:15:12'),
(284, NULL, NULL, NULL, NULL, 12, 39, 108, 84, '2019-09-07 16:15:12', '2019-09-07 16:15:12'),
(285, 'بدون لون ', '81.15', '54.50', '4422.68', 4, 30, 1, 85, '2019-09-07 18:57:36', '2019-09-07 18:57:36'),
(286, NULL, NULL, NULL, NULL, 3, 30, 5, 85, '2019-09-07 18:57:36', '2019-09-07 18:57:36'),
(287, NULL, NULL, NULL, NULL, 2, 30, 6, 85, '2019-09-07 18:57:36', '2019-09-07 18:57:36'),
(288, NULL, NULL, NULL, NULL, 2, 30, 9, 85, '2019-09-07 18:57:36', '2019-09-07 18:57:36'),
(289, NULL, NULL, NULL, NULL, 3, 30, 16, 85, '2019-09-07 18:57:36', '2019-09-07 18:57:36'),
(290, NULL, NULL, NULL, NULL, 1, 30, 21, 85, '2019-09-07 18:57:36', '2019-09-07 18:57:36'),
(291, NULL, NULL, NULL, NULL, 1, 30, 23, 85, '2019-09-07 18:57:36', '2019-09-07 18:57:36'),
(292, NULL, NULL, NULL, NULL, 2, 30, 24, 85, '2019-09-07 18:57:36', '2019-09-07 18:57:36'),
(293, NULL, NULL, NULL, NULL, 2, 30, 29, 85, '2019-09-07 18:57:36', '2019-09-07 18:57:36'),
(294, '0', '0.00', '0.00', NULL, 3, 31, 36, 85, '2019-09-07 18:57:36', '2019-09-07 18:57:36'),
(295, '0', '1.00', '60.00', '60.00', 1, 40, 109, 85, '2019-09-07 18:57:36', '2019-09-07 18:57:36'),
(296, 'بدون لون ', '3.80', '55.00', '209.00', 2, 39, 105, 86, '2019-09-07 22:58:58', '2019-09-07 22:58:58'),
(297, 'بدون ', '1.25', '66.00', '82.50', 2, 40, 112, 86, '2019-09-07 22:58:58', '2019-09-07 22:58:58'),
(298, 'اسود مط ', '31.20', '66.00', '2059.20', 1, 39, 103, 87, '2019-09-08 14:46:24', '2019-09-08 14:46:24'),
(299, NULL, NULL, NULL, NULL, 1, 39, 104, 87, '2019-09-08 14:46:24', '2019-09-08 14:46:24'),
(300, NULL, NULL, NULL, NULL, 5, 39, 106, 87, '2019-09-08 14:46:24', '2019-09-08 14:46:24'),
(301, NULL, NULL, NULL, NULL, 6, 39, 107, 87, '2019-09-08 14:46:24', '2019-09-08 14:46:24'),
(302, NULL, NULL, NULL, NULL, 4, 39, 108, 87, '2019-09-08 14:46:24', '2019-09-08 14:46:24'),
(303, '1013', '8.10', '66.00', '534.60', 2, 39, 102, 88, '2019-09-08 14:48:33', '2019-09-08 14:48:33'),
(304, NULL, NULL, NULL, NULL, 1, 39, 104, 88, '2019-09-08 14:48:33', '2019-09-08 14:48:33'),
(317, 'بدون لون ', '2.85', '64.00', '182.40', 0.5, 32, 41, 90, '2019-09-08 17:04:15', '2019-09-08 17:04:15'),
(318, NULL, NULL, NULL, NULL, 1, 39, 106, 90, '2019-09-08 17:04:15', '2019-09-08 17:04:15'),
(319, 'بدون لون', '5.05', '55.00', '277.75', 2, 39, 107, 90, '2019-09-08 17:04:15', '2019-09-08 17:04:15'),
(320, '1013', '1.00', '1000.00', '1000.00', 1, 40, 109, 91, '2019-09-08 17:09:15', '2019-09-08 17:09:15'),
(321, 'بدون لون', '2.15', '54.50', '117.18', 1, 39, 88, 92, '2019-09-08 17:22:08', '2019-09-08 17:22:08'),
(322, NULL, NULL, NULL, NULL, 2, 39, 100, 92, '2019-09-08 17:22:08', '2019-09-08 17:22:08'),
(323, 'بدون لون ', '1.00', '462.00', '462.00', 1, 40, 109, 93, '2019-09-08 18:37:08', '2019-09-08 18:37:08'),
(324, '9016', '26.80', '65.00', '1742.00', 2, 30, 19, 94, '2019-09-09 16:51:06', '2019-09-09 16:51:06'),
(325, NULL, NULL, NULL, NULL, 2, 30, 22, 94, '2019-09-09 16:51:06', '2019-09-09 16:51:06'),
(326, NULL, NULL, NULL, NULL, 1.5, 30, 26, 94, '2019-09-09 16:51:06', '2019-09-09 16:51:06'),
(327, NULL, NULL, NULL, NULL, 4, 30, 31, 94, '2019-09-09 16:51:06', '2019-09-09 16:51:06'),
(328, '8007', '16.20', '66.00', '1069.20', 7, 39, 107, 95, '2019-09-09 16:52:19', '2019-09-09 16:52:19'),
(329, NULL, NULL, NULL, NULL, 3, 39, 108, 95, '2019-09-09 16:52:19', '2019-09-09 16:52:19'),
(330, '5010', '5.40', '66.00', '356.40', 3, 39, 107, 96, '2019-09-10 15:06:02', '2019-09-10 15:06:02'),
(331, '7015', '3.40', '66.00', '224.40', 2, 39, 107, 97, '2019-09-10 15:06:44', '2019-09-10 15:06:44'),
(332, 'اسود لميع ', '49.85', '66.00', '3290.10', 1, 39, 103, 98, '2019-09-10 15:08:17', '2019-09-10 15:08:17'),
(333, NULL, NULL, NULL, NULL, 1, 39, 105, 98, '2019-09-10 15:08:18', '2019-09-10 15:08:18'),
(334, NULL, NULL, NULL, NULL, 13, 39, 107, 98, '2019-09-10 15:08:18', '2019-09-10 15:08:18'),
(335, NULL, NULL, NULL, NULL, 11, 39, 108, 98, '2019-09-10 15:08:18', '2019-09-10 15:08:18'),
(336, 'فضي 1000', '37.80', '76.00', '2872.80', 4, 39, 91, 99, '2019-09-10 15:10:53', '2019-09-10 15:10:53'),
(337, NULL, NULL, NULL, NULL, 1, 39, 103, 99, '2019-09-10 15:10:53', '2019-09-10 15:10:53'),
(338, NULL, NULL, NULL, NULL, 2, 39, 105, 99, '2019-09-10 15:10:53', '2019-09-10 15:10:53'),
(339, NULL, NULL, NULL, NULL, 9, 39, 107, 99, '2019-09-10 15:10:53', '2019-09-10 15:10:53'),
(340, NULL, NULL, NULL, NULL, 4, 39, 108, 99, '2019-09-10 15:10:53', '2019-09-10 15:10:53'),
(341, '4007', '6.20', '67.00', '415.40', 3, 39, 91, 100, '2019-09-10 15:11:31', '2019-09-10 15:11:31'),
(345, '7001', '12.80', '66.00', '844.80', 1.5, 39, 105, 102, '2019-09-10 15:17:27', '2019-09-10 15:17:27'),
(346, NULL, NULL, NULL, NULL, 4, 39, 107, 102, '2019-09-10 15:17:27', '2019-09-10 15:17:27'),
(347, NULL, NULL, NULL, NULL, 2, 39, 108, 102, '2019-09-10 15:17:27', '2019-09-10 15:17:27'),
(348, '5007', '1.60', '66.00', '105.60', 1, 39, 105, 103, '2019-09-10 15:18:45', '2019-09-10 15:18:45'),
(349, '9010', '38.40', '65.00', '2496.00', 3, 30, 1, 104, '2019-09-10 15:21:30', '2019-09-10 15:21:30'),
(350, NULL, NULL, NULL, NULL, 3, 30, 5, 104, '2019-09-10 15:21:30', '2019-09-10 15:21:30'),
(351, NULL, NULL, NULL, NULL, 2, 30, 7, 104, '2019-09-10 15:21:30', '2019-09-10 15:21:30'),
(352, NULL, NULL, NULL, NULL, 1, 30, 9, 104, '2019-09-10 15:21:30', '2019-09-10 15:21:30'),
(353, '9016', '47.40', '72.00', '3412.80', 4, 32, 40, 104, '2019-09-10 15:21:30', '2019-09-10 15:21:30'),
(354, 'بدون لون ', '0.75', '55.00', '41.25', 0.5, 39, 105, 105, '2019-09-10 15:22:18', '2019-09-10 15:22:18'),
(355, '7001', '1.40', '66.00', '92.40', 1, 39, 95, 106, '2019-09-10 15:29:17', '2019-09-10 15:29:17'),
(356, 'اسود مط ', '84.30', '65.00', '5479.50', 2, 30, 2, 107, '2019-09-10 15:41:59', '2019-09-10 15:41:59'),
(357, NULL, NULL, NULL, NULL, 4, 30, 5, 107, '2019-09-10 15:41:59', '2019-09-10 15:41:59'),
(358, NULL, NULL, NULL, NULL, 2.5, 30, 6, 107, '2019-09-10 15:41:59', '2019-09-10 15:41:59'),
(359, NULL, NULL, NULL, NULL, 2, 30, 9, 107, '2019-09-10 15:41:59', '2019-09-10 15:41:59'),
(360, NULL, NULL, NULL, NULL, 2, 30, 11, 107, '2019-09-10 15:41:59', '2019-09-10 15:41:59'),
(361, NULL, NULL, NULL, NULL, 3, 30, 16, 107, '2019-09-10 15:41:59', '2019-09-10 15:41:59'),
(362, NULL, NULL, NULL, NULL, 2, 30, 21, 107, '2019-09-10 15:41:59', '2019-09-10 15:41:59'),
(363, NULL, NULL, NULL, NULL, 2, 30, 23, 107, '2019-09-10 15:41:59', '2019-09-10 15:41:59'),
(364, NULL, NULL, NULL, NULL, 0.5, 30, 25, 107, '2019-09-10 15:41:59', '2019-09-10 15:41:59'),
(365, NULL, NULL, NULL, NULL, 2, 30, 29, 107, '2019-09-10 15:41:59', '2019-09-10 15:41:59'),
(366, '0', '0.00', '0.00', NULL, 4, 31, 36, 107, '2019-09-10 15:41:59', '2019-09-10 15:41:59'),
(367, NULL, NULL, NULL, NULL, 1, 30, 64, 107, '2019-09-10 15:41:59', '2019-09-10 15:41:59'),
(378, 'بدون لون ', '2.90', '54.50', '158.05', 0.5, 30, 26, 110, '2019-09-10 19:07:05', '2019-09-10 19:07:05'),
(379, NULL, NULL, NULL, NULL, 1, 30, 29, 110, '2019-09-10 19:07:05', '2019-09-10 19:07:05'),
(381, 'بدون لون', '16.80', '65.00', '1092.00', 1, 40, 109, 112, '2019-09-10 19:09:35', '2019-09-10 19:09:35'),
(382, 'بدون لون ', '169.95', '54.50', '9262.28', 2, 30, 1, 113, '2019-09-11 14:56:56', '2019-09-11 14:56:56'),
(383, NULL, NULL, NULL, NULL, 5, 30, 2, 113, '2019-09-11 14:56:56', '2019-09-11 14:56:56'),
(384, NULL, NULL, NULL, NULL, 8, 30, 5, 113, '2019-09-11 14:56:56', '2019-09-11 14:56:56'),
(385, NULL, NULL, NULL, NULL, 4, 30, 7, 113, '2019-09-11 14:56:56', '2019-09-11 14:56:56'),
(386, NULL, NULL, NULL, NULL, 4, 30, 9, 113, '2019-09-11 14:56:56', '2019-09-11 14:56:56'),
(387, NULL, NULL, NULL, NULL, 6, 30, 13, 113, '2019-09-11 14:56:56', '2019-09-11 14:56:56'),
(388, NULL, NULL, NULL, NULL, 5, 30, 16, 113, '2019-09-11 14:56:56', '2019-09-11 14:56:56'),
(389, NULL, NULL, NULL, NULL, 5, 30, 23, 113, '2019-09-11 14:56:56', '2019-09-11 14:56:56'),
(390, NULL, NULL, NULL, NULL, 7, 30, 29, 113, '2019-09-11 14:56:56', '2019-09-11 14:56:56'),
(391, 'بدون لون', '24.75', '63.00', '1559.25', 3, 34, 52, 113, '2019-09-11 14:56:56', '2019-09-11 14:56:56'),
(392, NULL, NULL, NULL, NULL, 4, 30, 64, 113, '2019-09-11 14:56:56', '2019-09-11 14:56:56'),
(393, NULL, NULL, NULL, NULL, 2, 30, 145, 113, '2019-09-11 14:56:56', '2019-09-11 14:56:56'),
(394, '9016', '8.60', '72.00', '619.20', 1, 34, 52, 114, '2019-09-11 15:04:34', '2019-09-11 15:04:34'),
(398, 'بدون لون', '14.15', '54.50', '771.18', 4, 30, 21, 116, '2019-09-11 20:31:07', '2019-09-11 20:31:07'),
(399, 'بدون لون ', '2.60', '63.00', '163.80', 1, 33, 49, 116, '2019-09-11 20:31:07', '2019-09-11 20:31:07'),
(401, 'بدون لون ', '1.00', '385.00', '385.00', 1, 40, 109, 118, '2019-09-12 15:34:11', '2019-09-12 15:34:11'),
(402, '9016', '361.75', '65.00', '23513.75', 24, 30, 19, 119, '2019-09-12 18:27:19', '2019-09-12 18:27:19'),
(403, NULL, NULL, NULL, NULL, 20, 30, 22, 119, '2019-09-12 18:27:19', '2019-09-12 18:27:19'),
(404, NULL, NULL, NULL, NULL, 24, 30, 26, 119, '2019-09-12 18:27:19', '2019-09-12 18:27:19'),
(405, NULL, NULL, NULL, NULL, 70, 30, 31, 119, '2019-09-12 18:27:19', '2019-09-12 18:27:19'),
(406, '9016', '11.30', '67.00', '757.10', 4, 36, 85, 120, '2019-09-14 13:52:05', '2019-09-14 13:52:05'),
(407, '4007', '31.20', '67.00', '2090.40', 1, 39, 103, 121, '2019-09-14 13:57:11', '2019-09-14 13:57:11'),
(408, NULL, NULL, NULL, NULL, 1, 39, 104, 121, '2019-09-14 13:57:11', '2019-09-14 13:57:11'),
(409, NULL, NULL, NULL, NULL, 1, 39, 105, 121, '2019-09-14 13:57:11', '2019-09-14 13:57:11'),
(410, NULL, NULL, NULL, NULL, 4, 39, 106, 121, '2019-09-14 13:57:11', '2019-09-14 13:57:11'),
(411, NULL, NULL, NULL, NULL, 4, 39, 107, 121, '2019-09-14 13:57:11', '2019-09-14 13:57:11'),
(412, NULL, NULL, NULL, NULL, 5, 39, 108, 121, '2019-09-14 13:57:11', '2019-09-14 13:57:11'),
(416, 'اسود لميع ', '26.70', '65.00', '1735.50', 1, 39, 103, 123, '2019-09-14 14:23:16', '2019-09-14 14:23:16'),
(417, NULL, NULL, NULL, NULL, 7, 39, 107, 123, '2019-09-14 14:23:16', '2019-09-14 14:23:16'),
(418, NULL, NULL, NULL, NULL, 5, 39, 108, 123, '2019-09-14 14:23:16', '2019-09-14 14:23:16'),
(419, '1013', '36.30', '65.00', '2359.50', 1, 39, 103, 124, '2019-09-14 14:27:21', '2019-09-14 14:27:21'),
(420, NULL, NULL, NULL, NULL, 1, 39, 104, 124, '2019-09-14 14:27:21', '2019-09-14 14:27:21'),
(421, NULL, NULL, NULL, NULL, 5, 39, 106, 124, '2019-09-14 14:27:21', '2019-09-14 14:27:21'),
(422, NULL, NULL, NULL, NULL, 7, 39, 107, 124, '2019-09-14 14:27:21', '2019-09-14 14:27:21'),
(423, NULL, NULL, NULL, NULL, 5, 39, 108, 124, '2019-09-14 14:27:21', '2019-09-14 14:27:21'),
(424, 'اسود لميع ', '42.20', '68.00', '2869.60', 24, 39, 107, 125, '2019-09-14 14:41:49', '2019-09-14 14:41:49'),
(425, '8040', '6.60', '66.00', '435.60', 1, 30, 21, 126, '2019-09-14 14:43:38', '2019-09-14 14:43:38'),
(426, NULL, NULL, NULL, NULL, 0.5, 30, 23, 126, '2019-09-14 14:43:38', '2019-09-14 14:43:38'),
(427, '8040', '1.00', '85.00', '85.00', 1, 40, 109, 126, '2019-09-14 14:43:38', '2019-09-14 14:43:38'),
(428, '1019', '1.00', '85.00', '85.00', 1, 40, 109, 127, '2019-09-14 14:44:22', '2019-09-14 14:44:22'),
(429, '7015', '72.60', '65.00', '4719.00', 5, 30, 1, 128, '2019-09-14 14:48:12', '2019-09-14 14:48:12'),
(430, NULL, NULL, NULL, NULL, 7, 30, 5, 128, '2019-09-14 14:48:12', '2019-09-14 14:48:12'),
(431, NULL, NULL, NULL, NULL, 4, 30, 7, 128, '2019-09-14 14:48:12', '2019-09-14 14:48:12'),
(432, NULL, NULL, NULL, NULL, 2, 30, 9, 128, '2019-09-14 14:48:12', '2019-09-14 14:48:12'),
(437, 'بدون لون ', '15.80', '55.00', '869.00', 1, 30, 64, 130, '2019-09-14 16:09:04', '2019-09-14 16:09:04'),
(438, NULL, NULL, NULL, NULL, 1, 39, 102, 130, '2019-09-14 16:09:04', '2019-09-14 16:09:04'),
(439, NULL, NULL, NULL, NULL, 3, 39, 103, 130, '2019-09-14 16:09:04', '2019-09-14 16:09:04'),
(440, 'بدون لون', '0.00', '0.00', NULL, 1, 39, 107, 130, '2019-09-14 16:09:04', '2019-09-14 16:09:04'),
(445, '8014 ', '4.50', '66.00', '297.00', 2, 39, 107, 135, '2019-09-15 16:14:38', '2019-09-15 16:14:38'),
(446, NULL, NULL, NULL, NULL, 1, 39, 108, 135, '2019-09-15 16:14:38', '2019-09-15 16:14:38'),
(447, '9010', '1.80', '67.00', '120.60', 0.5, 30, 145, 136, '2019-09-15 16:16:15', '2019-09-15 16:16:15'),
(448, '9010', '9.20', '65.00', '598.00', 4, 31, 36, 137, '2019-09-15 16:31:29', '2019-09-15 16:31:29'),
(449, '9010', '1.00', '70.00', '70.00', 1, 39, 100, 137, '2019-09-15 16:31:29', '2019-09-15 16:31:29'),
(450, '9010', '4.60', '66.00', '303.60', 2, 40, 113, 137, '2019-09-15 16:31:29', '2019-09-15 16:31:29'),
(451, 'اسود مط ', '5.00', '67.00', '335.00', 0.5, 30, 16, 138, '2019-09-15 19:45:28', '2019-09-15 19:45:28'),
(452, NULL, NULL, NULL, NULL, 0.5, 30, 26, 138, '2019-09-15 19:45:28', '2019-09-15 19:45:28'),
(453, 'بدون لون ', '1.00', '60.00', '60.00', 1, 40, 109, 139, '2019-09-15 20:36:07', '2019-09-15 20:36:07'),
(454, 'بدون لون', '3.55', '55.00', '195.25', 2, 39, 90, 140, '2019-09-17 15:45:33', '2019-09-17 15:45:33'),
(455, 'بدون لون ', '24.15', '55.00', '1328.25', 2.5, 30, 16, 141, '2019-09-17 15:52:02', '2019-09-17 15:52:02'),
(456, NULL, NULL, NULL, NULL, 2, 30, 23, 141, '2019-09-17 15:52:02', '2019-09-17 15:52:02'),
(457, NULL, NULL, NULL, NULL, 0.5, 30, 25, 141, '2019-09-17 15:52:02', '2019-09-17 15:52:02'),
(458, NULL, NULL, NULL, NULL, 2, 30, 29, 141, '2019-09-17 15:52:02', '2019-09-17 15:52:02'),
(459, '1013', '44.00', '65.00', '2860.00', 4, 30, 1, 142, '2019-09-17 21:40:57', '2019-09-17 21:40:57'),
(460, NULL, NULL, NULL, NULL, 5, 30, 5, 142, '2019-09-17 21:40:57', '2019-09-17 21:40:57'),
(461, '1013', '5.65', '65.00', '367.25', 2, 31, 36, 142, '2019-09-17 21:40:57', '2019-09-17 21:40:57'),
(462, '1013', '92.90', '65.00', '6038.50', 5, 30, 1, 143, '2019-09-17 21:43:17', '2019-09-17 21:43:17'),
(463, NULL, NULL, NULL, NULL, 12, 30, 5, 143, '2019-09-17 21:43:17', '2019-09-17 21:43:17'),
(464, NULL, NULL, NULL, NULL, 1, 30, 16, 143, '2019-09-17 21:43:17', '2019-09-17 21:43:17'),
(465, NULL, NULL, NULL, NULL, 1, 30, 23, 143, '2019-09-17 21:43:17', '2019-09-17 21:43:17'),
(466, '1013', '0.00', '0.00', NULL, 5, 31, 36, 143, '2019-09-17 21:43:17', '2019-09-17 21:43:17'),
(468, '1013', '28.40', '67.00', '1902.80', 8, 35, 86, 145, '2019-09-17 21:47:00', '2019-09-17 21:47:00'),
(469, '1013', '10.00', '67.00', '670.00', 5, 31, 38, 146, '2019-09-17 22:38:55', '2019-09-17 22:38:55'),
(471, '4005', '1.50', '65.00', '97.50', 0.5, 30, 28, 148, '2019-09-18 13:19:50', '2019-09-18 13:19:50'),
(472, 'اسود لميع', '13.40', '66.00', '884.40', 3, 39, 91, 149, '2019-09-18 13:31:22', '2019-09-18 13:31:22'),
(473, NULL, NULL, NULL, NULL, 2, 39, 103, 149, '2019-09-18 13:31:22', '2019-09-18 13:31:22'),
(474, NULL, NULL, NULL, NULL, 1, 39, 105, 149, '2019-09-18 13:31:22', '2019-09-18 13:31:22'),
(475, 'فضي 1000', '26.00', '76.00', '1976.00', 11, 39, 91, 150, '2019-09-18 13:32:32', '2019-09-18 13:32:32'),
(476, '1015', '9.20', '66.00', '607.20', 4, 39, 91, 151, '2019-09-18 13:33:31', '2019-09-18 13:33:31'),
(477, '1019', '63.60', '66.00', '4197.60', 6, 39, 91, 152, '2019-09-18 13:35:37', '2019-09-18 13:35:37'),
(478, NULL, NULL, NULL, NULL, 1, 39, 103, 152, '2019-09-18 13:35:37', '2019-09-18 13:35:37'),
(479, NULL, NULL, NULL, NULL, 1, 39, 105, 152, '2019-09-18 13:35:37', '2019-09-18 13:35:37'),
(480, NULL, NULL, NULL, NULL, 16, 39, 107, 152, '2019-09-18 13:35:37', '2019-09-18 13:35:37'),
(481, NULL, NULL, NULL, NULL, 12, 39, 108, 152, '2019-09-18 13:35:37', '2019-09-18 13:35:37'),
(482, '1015', '17.00', '68.00', '1156.00', 4, 30, 22, 153, '2019-09-18 13:37:28', '2019-09-18 13:37:28'),
(483, 'اسود مط ', '5.80', '65.00', '377.00', 0.5, 30, 5, 154, '2019-09-18 13:41:31', '2019-09-18 13:41:31'),
(484, NULL, NULL, NULL, NULL, 1, 30, 6, 154, '2019-09-18 13:41:31', '2019-09-18 13:41:31'),
(485, 'اسود مط ', '1.00', '75.00', '75.00', 1, 40, 109, 154, '2019-09-18 13:41:31', '2019-09-18 13:41:31'),
(490, 'بدون لون ', '4.35', '54.50', '237.08', 1, 30, 26, 157, '2019-09-18 20:59:09', '2019-09-18 20:59:09'),
(491, 'بدون لون ', '7.10', '63.00', '447.30', 0.5, 33, 45, 157, '2019-09-18 20:59:09', '2019-09-18 20:59:09'),
(495, '1013', '17.40', '65.00', '1131.00', 1, 30, 16, 159, '2019-09-19 14:19:46', '2019-09-19 14:19:46'),
(496, NULL, NULL, NULL, NULL, 1, 30, 23, 159, '2019-09-19 14:19:46', '2019-09-19 14:19:46'),
(497, NULL, NULL, NULL, NULL, 0.5, 30, 25, 159, '2019-09-19 14:19:46', '2019-09-19 14:19:46'),
(498, '1013', '104.00', '72.00', '7488.00', 4.5, 32, 40, 159, '2019-09-19 14:19:46', '2019-09-19 14:19:46'),
(499, NULL, NULL, NULL, NULL, 3, 32, 41, 159, '2019-09-19 14:19:46', '2019-09-19 14:19:46'),
(500, NULL, NULL, NULL, NULL, 2, 32, 43, 159, '2019-09-19 14:19:46', '2019-09-19 14:19:46'),
(501, '1013', '0.00', '0.00', NULL, 7, 35, 86, 159, '2019-09-19 14:19:46', '2019-09-19 14:19:46'),
(502, '1013', '19.25', '66.00', '1270.50', 1, 39, 103, 159, '2019-09-19 14:19:46', '2019-09-19 14:19:46'),
(503, NULL, NULL, NULL, NULL, 2, 39, 106, 159, '2019-09-19 14:19:46', '2019-09-19 14:19:46'),
(504, NULL, NULL, NULL, NULL, 4, 39, 107, 159, '2019-09-19 14:19:46', '2019-09-19 14:19:46'),
(505, NULL, NULL, NULL, NULL, 3, 39, 108, 159, '2019-09-19 14:19:46', '2019-09-19 14:19:46'),
(506, '1013', '1.00', '80.00', '80.00', 1, 40, 109, 159, '2019-09-19 14:19:46', '2019-09-19 14:19:46'),
(507, '4005', '2.00', '90.00', '180.00', 2, 40, 109, 160, '2019-09-19 14:21:01', '2019-09-19 14:21:01'),
(508, 'بدون لون ', '8.90', '55.00', '489.50', 1, 39, 105, 161, '2019-09-19 14:37:03', '2019-09-19 14:37:03'),
(509, NULL, NULL, NULL, NULL, 1, 39, 106, 161, '2019-09-19 14:37:03', '2019-09-19 14:37:03'),
(510, NULL, NULL, NULL, NULL, 2, 39, 107, 161, '2019-09-19 14:37:03', '2019-09-19 14:37:03'),
(511, NULL, NULL, NULL, NULL, 2, 39, 108, 161, '2019-09-19 14:37:03', '2019-09-19 14:37:03'),
(512, 'بدون لون', '7.90', '54.50', '430.55', 5, 39, 107, 162, '2019-09-19 16:03:25', '2019-09-19 16:03:25'),
(513, 'بدون لون ', '1.00', '523.00', '523.00', 1, 40, 109, 163, '2019-09-19 20:40:03', '2019-09-19 20:40:03'),
(514, '1013', '31.10', '67.00', '2083.70', 2, 30, 1, 164, '2019-09-21 15:16:39', '2019-09-21 15:16:39'),
(515, NULL, NULL, NULL, NULL, 3, 30, 5, 164, '2019-09-21 15:16:39', '2019-09-21 15:16:39'),
(516, NULL, NULL, NULL, NULL, 2, 30, 7, 164, '2019-09-21 15:16:39', '2019-09-21 15:16:39'),
(517, NULL, NULL, NULL, NULL, 1, 30, 9, 164, '2019-09-21 15:16:39', '2019-09-21 15:16:39'),
(518, '1013', '3.25', '66.00', '214.50', 1, 30, 28, 165, '2019-09-21 19:38:02', '2019-09-21 19:38:02'),
(519, '1013', '1.00', '451.00', '451.00', 1, 40, 109, 166, '2019-09-21 20:22:59', '2019-09-21 20:22:59'),
(520, 'بدون لون ', '90.15', '55.00', '4958.25', 1, 30, 2, 167, '2019-09-21 20:36:57', '2019-09-21 20:36:57'),
(521, NULL, NULL, NULL, NULL, 2, 30, 5, 167, '2019-09-21 20:36:57', '2019-09-21 20:36:57'),
(522, NULL, NULL, NULL, NULL, 1, 30, 7, 167, '2019-09-21 20:36:57', '2019-09-21 20:36:57'),
(523, NULL, NULL, NULL, NULL, 1, 30, 13, 167, '2019-09-21 20:36:57', '2019-09-21 20:36:57'),
(524, NULL, NULL, NULL, NULL, 2.5, 30, 16, 167, '2019-09-21 20:36:57', '2019-09-21 20:36:57'),
(525, NULL, NULL, NULL, NULL, 1, 30, 21, 167, '2019-09-21 20:36:57', '2019-09-21 20:36:57'),
(526, NULL, NULL, NULL, NULL, 1.5, 30, 23, 167, '2019-09-21 20:36:57', '2019-09-21 20:36:57'),
(527, NULL, NULL, NULL, NULL, 0.5, 30, 25, 167, '2019-09-21 20:36:57', '2019-09-21 20:36:57'),
(528, NULL, NULL, NULL, NULL, 3, 30, 29, 167, '2019-09-21 20:36:57', '2019-09-21 20:36:57'),
(529, '1013', '3.45', '72.00', '248.40', 0.5, 34, 58, 167, '2019-09-21 20:36:57', '2019-09-21 20:36:57'),
(530, NULL, NULL, NULL, NULL, 1, 30, 64, 167, '2019-09-21 20:36:57', '2019-09-21 20:36:57'),
(531, NULL, NULL, NULL, NULL, 1, 39, 103, 167, '2019-09-21 20:36:57', '2019-09-21 20:36:57'),
(532, NULL, NULL, NULL, NULL, 8, 39, 106, 167, '2019-09-21 20:36:57', '2019-09-21 20:36:57'),
(533, NULL, NULL, NULL, NULL, 10, 39, 107, 167, '2019-09-21 20:36:57', '2019-09-21 20:36:57'),
(534, 'بدون لون ', '0.00', '0.00', NULL, 10, 39, 108, 167, '2019-09-21 20:36:57', '2019-09-21 20:36:57'),
(535, 'بدون لون ', '0.00', '0.00', NULL, 1, 40, 112, 167, '2019-09-21 20:36:57', '2019-09-21 20:36:57'),
(536, '7001', '39.20', '66.00', '2587.20', 2, 39, 102, 168, '2019-09-22 17:57:15', '2019-09-22 17:57:15'),
(537, NULL, NULL, NULL, NULL, 6, 39, 106, 168, '2019-09-22 17:57:15', '2019-09-22 17:57:15'),
(538, NULL, NULL, NULL, NULL, 7, 39, 107, 168, '2019-09-22 17:57:15', '2019-09-22 17:57:15'),
(539, NULL, NULL, NULL, NULL, 7, 39, 108, 168, '2019-09-22 17:57:15', '2019-09-22 17:57:15'),
(540, '4005', '2.40', '67.00', '160.80', 1, 39, 104, 169, '2019-09-22 17:57:52', '2019-09-22 17:57:52'),
(541, 'بدون لون', '0.90', '54.50', '49.05', 1, 30, 30, 170, '2019-09-22 19:13:04', '2019-09-22 19:13:04'),
(551, '9010', '13.60', '65.00', '884.00', 1, 30, 1, 172, '2019-09-22 20:26:40', '2019-09-22 20:26:40'),
(552, NULL, NULL, NULL, NULL, 1, 30, 5, 172, '2019-09-22 20:26:40', '2019-09-22 20:26:40'),
(553, NULL, NULL, NULL, NULL, 1, 30, 9, 172, '2019-09-22 20:26:40', '2019-09-22 20:26:40'),
(554, '0', '0.00', '0.00', NULL, 1, 31, 36, 172, '2019-09-22 20:26:40', '2019-09-22 20:26:40'),
(555, NULL, NULL, NULL, NULL, 4, 33, 44, 172, '2019-09-22 20:26:40', '2019-09-22 20:26:40'),
(556, NULL, NULL, NULL, NULL, 7, 33, 47, 172, '2019-09-22 20:26:40', '2019-09-22 20:26:40'),
(557, '1315', '145.40', '72.00', '10468.80', 2, 33, 50, 172, '2019-09-22 20:26:40', '2019-09-22 20:26:40'),
(558, '0', '0.00', '0.00', NULL, 4, 35, 86, 172, '2019-09-22 20:26:40', '2019-09-22 20:26:40'),
(559, NULL, NULL, NULL, NULL, 1, 33, 157, 172, '2019-09-22 20:26:40', '2019-09-22 20:26:40'),
(560, '8019', '38.00', '65.00', '2470.00', 1, 39, 103, 173, '2019-09-23 14:12:12', '2019-09-23 14:12:12'),
(561, NULL, NULL, NULL, NULL, 1, 39, 104, 173, '2019-09-23 14:12:12', '2019-09-23 14:12:12'),
(562, NULL, NULL, NULL, NULL, 6, 39, 106, 173, '2019-09-23 14:12:12', '2019-09-23 14:12:12'),
(563, NULL, NULL, NULL, NULL, 8, 39, 107, 173, '2019-09-23 14:12:12', '2019-09-23 14:12:12'),
(564, NULL, NULL, NULL, NULL, 7, 39, 108, 173, '2019-09-23 14:12:12', '2019-09-23 14:12:12'),
(565, '9016', '48.20', '65.00', '3133.00', 5.5, 30, 21, 174, '2019-09-23 14:18:02', '2019-09-23 14:18:02'),
(566, NULL, NULL, NULL, NULL, 1.5, 30, 23, 174, '2019-09-23 14:18:02', '2019-09-23 14:18:02'),
(567, NULL, NULL, NULL, NULL, 4, 30, 24, 174, '2019-09-23 14:18:02', '2019-09-23 14:18:02'),
(568, NULL, NULL, NULL, NULL, 1, 30, 29, 174, '2019-09-23 14:18:02', '2019-09-23 14:18:02'),
(569, '9016', '6.00', '80.00', '480.00', 6, 40, 109, 174, '2019-09-23 14:18:02', '2019-09-23 14:18:02'),
(570, '1013', '68.90', '72.00', '4960.80', 2, 32, 42, 175, '2019-09-23 14:33:50', '2019-09-23 14:33:50'),
(571, NULL, NULL, NULL, NULL, 1.5, 33, 45, 175, '2019-09-23 14:33:50', '2019-09-23 14:33:50'),
(572, NULL, NULL, NULL, NULL, 2, 33, 48, 175, '2019-09-23 14:33:50', '2019-09-23 14:33:50'),
(573, '0', '0.00', '0.00', NULL, 1, 33, 50, 175, '2019-09-23 14:33:50', '2019-09-23 14:33:50'),
(574, NULL, NULL, NULL, NULL, 0.5, 34, 58, 175, '2019-09-23 14:33:50', '2019-09-23 14:33:50'),
(575, NULL, NULL, NULL, NULL, 2, 34, 62, 175, '2019-09-23 14:33:50', '2019-09-23 14:33:50'),
(576, '0', '0.00', '0.00', NULL, 1, 36, 85, 175, '2019-09-23 14:33:50', '2019-09-23 14:33:50'),
(577, '1013', '9.20', '66.00', '607.20', 1, 39, 96, 175, '2019-09-23 14:33:50', '2019-09-23 14:33:50'),
(578, NULL, NULL, NULL, NULL, 1, 39, 155, 175, '2019-09-23 14:33:50', '2019-09-23 14:33:50'),
(579, '0', '0.00', '0.00', NULL, 1, 34, 156, 175, '2019-09-23 14:33:50', '2019-09-23 14:33:50'),
(580, '1013', '4.00', '80.00', '320.00', 4, 49, 159, 175, '2019-09-23 14:33:50', '2019-09-23 14:33:50'),
(581, '9403', '4.80', '66.00', '316.80', 1, 39, 87, 176, '2019-09-23 14:36:39', '2019-09-23 14:36:39'),
(582, NULL, NULL, NULL, NULL, 1, 39, 105, 176, '2019-09-23 14:36:39', '2019-09-23 14:36:39'),
(583, NULL, NULL, NULL, NULL, 1, 39, 107, 176, '2019-09-23 14:36:39', '2019-09-23 14:36:39'),
(584, '9016', '27.75', '65.00', '1803.75', 5.5, 30, 16, 177, '2019-09-23 14:38:43', '2019-09-23 14:38:43'),
(585, NULL, NULL, NULL, NULL, 1, 30, 28, 177, '2019-09-23 14:38:43', '2019-09-23 14:38:43'),
(586, '1013', '8.35', '72.00', '601.20', 1, 34, 160, 177, '2019-09-23 14:38:43', '2019-09-23 14:38:43'),
(587, '9010+1013', '89.20', '65.00', '5798.00', 5.5, 30, 1, 178, '2019-09-23 14:43:07', '2019-09-23 14:43:07'),
(588, NULL, NULL, NULL, NULL, 7, 30, 5, 178, '2019-09-23 14:43:07', '2019-09-23 14:43:07'),
(589, NULL, NULL, NULL, NULL, 4, 30, 7, 178, '2019-09-23 14:43:07', '2019-09-23 14:43:07'),
(590, NULL, NULL, NULL, NULL, 3, 30, 9, 178, '2019-09-23 14:43:07', '2019-09-23 14:43:07'),
(591, NULL, NULL, NULL, NULL, 0.5, 30, 16, 178, '2019-09-23 14:43:07', '2019-09-23 14:43:07'),
(592, NULL, NULL, NULL, NULL, 0.5, 30, 23, 178, '2019-09-23 14:43:07', '2019-09-23 14:43:07'),
(593, NULL, NULL, NULL, NULL, 0.5, 30, 25, 178, '2019-09-23 14:43:07', '2019-09-23 14:43:07'),
(594, NULL, NULL, NULL, NULL, 0.5, 30, 29, 178, '2019-09-23 14:43:07', '2019-09-23 14:43:07'),
(595, '9010+1013', '1.00', '80.00', '80.00', 1, 40, 109, 178, '2019-09-23 14:43:07', '2019-09-23 14:43:07'),
(596, '3003', '41.00', '67.00', '2747.00', 1, 39, 103, 179, '2019-09-23 14:45:00', '2019-09-23 14:45:00'),
(597, NULL, NULL, NULL, NULL, 1, 39, 104, 179, '2019-09-23 14:45:00', '2019-09-23 14:45:00'),
(598, NULL, NULL, NULL, NULL, 7, 39, 106, 179, '2019-09-23 14:45:00', '2019-09-23 14:45:00'),
(599, NULL, NULL, NULL, NULL, 9, 39, 107, 179, '2019-09-23 14:45:00', '2019-09-23 14:45:00'),
(600, NULL, NULL, NULL, NULL, 7, 39, 108, 179, '2019-09-23 14:45:00', '2019-09-23 14:45:00'),
(601, '1013', '1.00', '1512.00', '1512.00', 1, 40, 109, 180, '2019-09-23 20:54:30', '2019-09-23 20:54:30'),
(602, '7036', '1.30', '68.00', '88.40', 1, 39, 95, 181, '2019-09-23 22:33:52', '2019-09-23 22:33:52'),
(606, 'فضي 1000', '43.80', '76.00', '3328.80', 1, 39, 104, 183, '2019-09-26 16:21:30', '2019-09-26 16:21:30'),
(607, NULL, NULL, NULL, NULL, 7, 39, 106, 183, '2019-09-26 16:21:30', '2019-09-26 16:21:30'),
(608, NULL, NULL, NULL, NULL, 9, 39, 107, 183, '2019-09-26 16:21:30', '2019-09-26 16:21:30'),
(609, NULL, NULL, NULL, NULL, 7, 39, 108, 183, '2019-09-26 16:21:30', '2019-09-26 16:21:30'),
(610, 'فضي 1000', '0.00', '0.00', NULL, 1, 40, 112, 183, '2019-09-26 16:21:30', '2019-09-26 16:21:30'),
(611, 'ليموني', '12.20', '76.00', '927.20', 1, 39, 88, 184, '2019-09-26 16:23:07', '2019-09-26 16:23:07'),
(612, NULL, NULL, NULL, NULL, 1, 39, 104, 184, '2019-09-26 16:23:07', '2019-09-26 16:23:07'),
(613, NULL, NULL, NULL, NULL, 1, 39, 106, 184, '2019-09-26 16:23:07', '2019-09-26 16:23:07'),
(614, NULL, NULL, NULL, NULL, 1, 39, 107, 184, '2019-09-26 16:23:07', '2019-09-26 16:23:07'),
(615, NULL, NULL, NULL, NULL, 2, 39, 108, 184, '2019-09-26 16:23:07', '2019-09-26 16:23:07'),
(616, '9010', '22.00', '67.00', '1474.00', 3, 38, 79, 185, '2019-09-26 16:24:37', '2019-09-26 16:24:37'),
(617, '9016', '3.00', '65.00', '195.00', 1, 30, 19, 186, '2019-09-26 16:25:53', '2019-09-26 16:25:53'),
(618, '9016', '149.80', '65.00', '9737.00', 9, 30, 16, 187, '2019-09-26 16:29:10', '2019-09-26 16:29:10'),
(619, NULL, NULL, NULL, NULL, 9, 30, 21, 187, '2019-09-26 16:29:10', '2019-09-26 16:29:10'),
(620, NULL, NULL, NULL, NULL, 3.5, 30, 26, 187, '2019-09-26 16:29:10', '2019-09-26 16:29:10'),
(621, NULL, NULL, NULL, NULL, 2, 30, 27, 187, '2019-09-26 16:29:10', '2019-09-26 16:29:10'),
(622, NULL, NULL, NULL, NULL, 25, 30, 31, 187, '2019-09-26 16:29:10', '2019-09-26 16:29:10'),
(623, '9016', '0.00', '0.00', NULL, 10, 40, 161, 187, '2019-09-26 16:29:10', '2019-09-26 16:29:10'),
(624, '4005', '4.40', '70.00', '308.00', 1.5, 30, 21, 188, '2019-09-26 16:31:00', '2019-09-26 16:31:00'),
(625, '4005', '1.00', '80.00', '80.00', 1, 40, 109, 188, '2019-09-26 16:31:00', '2019-09-26 16:31:00'),
(626, '9403', '4.80', '66.00', '316.80', 1, 39, 87, 189, '2019-09-26 16:32:16', '2019-09-26 16:32:16'),
(627, NULL, NULL, NULL, NULL, 1, 39, 107, 189, '2019-09-26 16:32:16', '2019-09-26 16:32:16'),
(628, NULL, NULL, NULL, NULL, 1, 39, 108, 189, '2019-09-26 16:32:17', '2019-09-26 16:32:17'),
(629, '9403', '35.20', '66.00', '2323.20', 2, 39, 103, 190, '2019-09-26 16:34:17', '2019-09-26 16:34:17'),
(630, NULL, NULL, NULL, NULL, 1, 39, 105, 190, '2019-09-26 16:34:17', '2019-09-26 16:34:17'),
(631, NULL, NULL, NULL, NULL, 9, 39, 107, 190, '2019-09-26 16:34:17', '2019-09-26 16:34:17'),
(632, NULL, NULL, NULL, NULL, 8, 39, 108, 190, '2019-09-26 16:34:17', '2019-09-26 16:34:17'),
(633, 'اسود مط ', '11.00', '65.00', '715.00', 1, 30, 21, 191, '2019-09-26 16:36:22', '2019-09-26 16:36:22'),
(634, NULL, NULL, NULL, NULL, 0.5, 30, 26, 191, '2019-09-26 16:36:22', '2019-09-26 16:36:22'),
(635, NULL, NULL, NULL, NULL, 1, 30, 29, 191, '2019-09-26 16:36:22', '2019-09-26 16:36:22'),
(636, NULL, NULL, NULL, NULL, 1, 30, 64, 191, '2019-09-26 16:36:22', '2019-09-26 16:36:22'),
(638, '1013', '1.00', '2254.00', '2254.00', 1, 40, 109, 193, '2019-09-26 16:44:18', '2019-09-26 16:44:18'),
(639, '1013', '1.00', '2254.00', '2254.00', 1, 40, 109, 194, '2019-09-26 16:44:20', '2019-09-26 16:44:20'),
(640, '1013', '1.00', '2254.00', '2254.00', 1, 40, 109, 195, '2019-09-26 16:44:20', '2019-09-26 16:44:20'),
(641, 'بدون لون ', '3.30', '55.00', '181.50', 2, 40, 113, 196, '2019-09-26 16:45:36', '2019-09-26 16:45:36'),
(642, 'بدون لون', '0.80', '55.00', '44.00', 1, 30, 29, 197, '2019-09-26 16:46:19', '2019-09-26 16:46:19'),
(643, '4007', '9.85', '67.00', '659.95', 1, 39, 90, 198, '2019-09-28 15:23:14', '2019-09-28 15:23:14'),
(644, NULL, NULL, NULL, NULL, 3, 39, 107, 198, '2019-09-28 15:23:14', '2019-09-28 15:23:14'),
(645, NULL, NULL, NULL, NULL, 2, 39, 108, 198, '2019-09-28 15:23:14', '2019-09-28 15:23:14'),
(646, 'بدون لون ', '21.80', '55.00', '1199.00', 1, 30, 1, 199, '2019-09-29 15:40:23', '2019-09-29 15:40:23'),
(647, NULL, NULL, NULL, NULL, 1.5, 30, 5, 199, '2019-09-29 15:40:23', '2019-09-29 15:40:23'),
(648, NULL, NULL, NULL, NULL, 1, 30, 7, 199, '2019-09-29 15:40:23', '2019-09-29 15:40:23'),
(649, NULL, NULL, NULL, NULL, 1, 30, 21, 199, '2019-09-29 15:40:23', '2019-09-29 15:40:23'),
(650, NULL, NULL, NULL, NULL, 1, 30, 29, 199, '2019-09-29 15:40:23', '2019-09-29 15:40:23'),
(651, NULL, NULL, NULL, NULL, 1, 30, 64, 199, '2019-09-29 15:40:23', '2019-09-29 15:40:23'),
(652, 'بدون لون', '7.55', '55.00', '415.25', 1, 30, 21, 200, '2019-09-29 15:41:14', '2019-09-29 15:41:14'),
(653, NULL, NULL, NULL, NULL, 1, 30, 64, 200, '2019-09-29 15:41:14', '2019-09-29 15:41:14'),
(654, 'بدون لون ', '3.15', '55.00', '173.25', 1, 39, 102, 201, '2019-09-29 17:43:59', '2019-09-29 17:43:59'),
(655, 'بدون لون', '1.00', '454.00', '454.00', 1, 40, 109, 202, '2019-09-29 17:48:29', '2019-09-29 17:48:29'),
(656, 'بدون لون', '1.00', '411.56', '411.56', 1, 40, 109, 203, '2019-09-29 17:49:50', '2019-09-29 17:49:50'),
(657, 'بدون لون ', '209.05', '54.00', '11288.70', 4, 30, 1, 204, '2019-09-29 23:12:11', '2019-09-29 23:12:11'),
(658, NULL, NULL, NULL, NULL, 3, 30, 2, 204, '2019-09-29 23:12:11', '2019-09-29 23:12:11'),
(659, NULL, NULL, NULL, NULL, 6, 30, 5, 204, '2019-09-29 23:12:11', '2019-09-29 23:12:11'),
(660, NULL, NULL, NULL, NULL, 4, 30, 9, 204, '2019-09-29 23:12:11', '2019-09-29 23:12:11'),
(661, NULL, NULL, NULL, NULL, 5, 30, 13, 204, '2019-09-29 23:12:11', '2019-09-29 23:12:11'),
(662, NULL, NULL, NULL, NULL, 1, 30, 14, 204, '2019-09-29 23:12:11', '2019-09-29 23:12:11'),
(663, NULL, NULL, NULL, NULL, 1, 30, 15, 204, '2019-09-29 23:12:11', '2019-09-29 23:12:11'),
(664, NULL, NULL, NULL, NULL, 9, 30, 16, 204, '2019-09-29 23:12:11', '2019-09-29 23:12:11'),
(665, NULL, NULL, NULL, NULL, 2, 30, 21, 204, '2019-09-29 23:12:11', '2019-09-29 23:12:11'),
(666, NULL, NULL, NULL, NULL, 6, 30, 23, 204, '2019-09-29 23:12:11', '2019-09-29 23:12:11'),
(667, NULL, NULL, NULL, NULL, 2, 30, 25, 204, '2019-09-29 23:12:11', '2019-09-29 23:12:11'),
(668, NULL, NULL, NULL, NULL, 1, 30, 28, 204, '2019-09-29 23:12:11', '2019-09-29 23:12:11'),
(669, NULL, NULL, NULL, NULL, 5, 30, 29, 204, '2019-09-29 23:12:11', '2019-09-29 23:12:11'),
(670, NULL, NULL, NULL, NULL, 2, 31, 32, 204, '2019-09-29 23:12:11', '2019-09-29 23:12:11'),
(671, 'بدون لون ', '0.00', '0.00', NULL, 3, 31, 34, 204, '2019-09-29 23:12:11', '2019-09-29 23:12:11'),
(672, NULL, NULL, NULL, NULL, 4, 31, 36, 204, '2019-09-29 23:12:11', '2019-09-29 23:12:11'),
(673, NULL, NULL, NULL, NULL, 3, 30, 145, 204, '2019-09-29 23:12:11', '2019-09-29 23:12:11'),
(674, 'بدون لون ', '16.70', '54.50', '910.15', 1, 30, 16, 205, '2019-09-30 17:41:32', '2019-09-30 17:41:32'),
(675, NULL, NULL, NULL, NULL, 2, 30, 21, 205, '2019-09-30 17:41:32', '2019-09-30 17:41:32'),
(676, NULL, NULL, NULL, NULL, 1, 30, 23, 205, '2019-09-30 17:41:32', '2019-09-30 17:41:32'),
(677, NULL, NULL, NULL, NULL, 1, 30, 29, 205, '2019-09-30 17:41:32', '2019-09-30 17:41:32'),
(678, 'بدون لون ', '1.00', '65.00', '65.00', 1, 40, 109, 205, '2019-09-30 17:41:32', '2019-09-30 17:41:32'),
(679, '8003', '7.40', '66.00', '488.40', 2, 39, 106, 206, '2019-10-01 16:34:09', '2019-10-01 16:34:09'),
(680, NULL, NULL, NULL, NULL, 2, 39, 107, 206, '2019-10-01 16:34:09', '2019-10-01 16:34:09'),
(681, '3003', '3.60', '67.00', '241.20', 1, 39, 106, 207, '2019-10-01 16:35:09', '2019-10-01 16:35:09'),
(682, NULL, NULL, NULL, NULL, 1, 39, 107, 207, '2019-10-01 16:35:09', '2019-10-01 16:35:09'),
(683, '1019', '25.80', '66.00', '1702.80', 5, 39, 91, 208, '2019-10-01 16:36:39', '2019-10-01 16:36:39'),
(684, NULL, NULL, NULL, NULL, 1, 39, 103, 208, '2019-10-01 16:36:39', '2019-10-01 16:36:39'),
(685, NULL, NULL, NULL, NULL, 7, 39, 107, 208, '2019-10-01 16:36:39', '2019-10-01 16:36:39'),
(686, '6005', '34.90', '65.00', '2268.50', 1, 30, 1, 209, '2019-10-01 17:51:48', '2019-10-01 17:51:48'),
(687, NULL, NULL, NULL, NULL, 1, 30, 5, 209, '2019-10-01 17:51:48', '2019-10-01 17:51:48'),
(688, NULL, NULL, NULL, NULL, 1, 30, 7, 209, '2019-10-01 17:51:48', '2019-10-01 17:51:48'),
(689, NULL, NULL, NULL, NULL, 1, 30, 9, 209, '2019-10-01 17:51:48', '2019-10-01 17:51:48'),
(690, NULL, NULL, NULL, NULL, 1.5, 30, 16, 209, '2019-10-01 17:51:48', '2019-10-01 17:51:48'),
(691, NULL, NULL, NULL, NULL, 2, 30, 23, 209, '2019-10-01 17:51:48', '2019-10-01 17:51:48'),
(692, NULL, NULL, NULL, NULL, 0.5, 30, 25, 209, '2019-10-01 17:51:48', '2019-10-01 17:51:48'),
(693, '9016', '4.30', '66.00', '283.80', 1, 39, 99, 209, '2019-10-01 17:51:48', '2019-10-01 17:51:48'),
(694, NULL, NULL, NULL, NULL, 1, 39, 102, 209, '2019-10-01 17:51:48', '2019-10-01 17:51:48'),
(695, NULL, NULL, NULL, NULL, 1, 40, 109, 209, '2019-10-01 17:51:48', '2019-10-01 17:51:48'),
(696, '8017', '4.50', '66.00', '297.00', 1, 40, 112, 209, '2019-10-01 17:51:48', '2019-10-01 17:51:48'),
(697, NULL, NULL, NULL, NULL, 1, 40, 117, 209, '2019-10-01 17:51:48', '2019-10-01 17:51:48'),
(698, '8014', '35.60', '66.00', '2349.60', 1, 39, 95, 210, '2019-10-01 19:58:47', '2019-10-01 19:58:47'),
(699, NULL, NULL, NULL, NULL, 1, 39, 101, 210, '2019-10-01 19:58:47', '2019-10-01 19:58:47'),
(700, NULL, NULL, NULL, NULL, 1, 39, 102, 210, '2019-10-01 19:58:47', '2019-10-01 19:58:47'),
(701, NULL, NULL, NULL, NULL, 1, 39, 103, 210, '2019-10-01 19:58:47', '2019-10-01 19:58:47'),
(702, NULL, NULL, NULL, NULL, 1, 39, 104, 210, '2019-10-01 19:58:47', '2019-10-01 19:58:47'),
(703, NULL, NULL, NULL, NULL, 4, 39, 106, 210, '2019-10-01 19:58:47', '2019-10-01 19:58:47'),
(704, NULL, NULL, NULL, NULL, 5, 39, 107, 210, '2019-10-01 19:58:47', '2019-10-01 19:58:47'),
(705, NULL, NULL, NULL, NULL, 4, 39, 108, 210, '2019-10-01 19:58:47', '2019-10-01 19:58:47'),
(706, '4007', '5.00', '69.00', '345.00', 2, 39, 107, 211, '2019-10-01 20:12:37', '2019-10-01 20:12:37'),
(707, NULL, NULL, NULL, NULL, 1, 39, 108, 211, '2019-10-01 20:12:37', '2019-10-01 20:12:37'),
(708, '3003', '10.00', '67.00', '670.00', 5, 39, 91, 212, '2019-10-01 23:08:45', '2019-10-01 23:08:45'),
(709, '1013', '60.60', '66.00', '3999.60', 6, 39, 91, 213, '2019-10-01 23:12:51', '2019-10-01 23:12:51'),
(710, NULL, NULL, NULL, NULL, 1, 39, 103, 213, '2019-10-01 23:12:51', '2019-10-01 23:12:51'),
(711, NULL, NULL, NULL, NULL, 15, 39, 107, 213, '2019-10-01 23:12:51', '2019-10-01 23:12:51'),
(712, NULL, NULL, NULL, NULL, 12, 39, 108, 213, '2019-10-01 23:12:51', '2019-10-01 23:12:51'),
(713, '9403', '2.75', '72.00', '198.00', 1, 33, 49, 214, '2019-10-01 23:47:11', '2019-10-01 23:47:11'),
(714, 'ليموني ', '7.20', '76.00', '547.20', 1, 39, 88, 215, '2019-10-02 13:06:33', '2019-10-02 13:06:33'),
(715, NULL, NULL, NULL, NULL, 1, 39, 104, 215, '2019-10-02 13:06:33', '2019-10-02 13:06:33'),
(716, NULL, NULL, NULL, NULL, 1, 39, 106, 215, '2019-10-02 13:06:33', '2019-10-02 13:06:33'),
(717, '4005', '3.20', '67.00', '214.40', 1, 39, 88, 216, '2019-10-02 13:08:20', '2019-10-02 13:08:20'),
(718, '8017', '6.60', '66.00', '435.60', 1, 40, 162, 217, '2019-10-02 13:18:38', '2019-10-02 13:18:38'),
(719, NULL, NULL, NULL, NULL, 0.5, 40, 163, 217, '2019-10-02 13:18:38', '2019-10-02 13:18:38'),
(720, '9403', '3.40', '66.00', '224.40', 2, 39, 107, 218, '2019-10-02 13:24:49', '2019-10-02 13:24:49'),
(721, '1013', '2.40', '69.00', '165.60', 1, 31, 36, 219, '2019-10-02 13:28:23', '2019-10-02 13:28:23'),
(722, '1013', '15.15', '65.00', '984.75', 1, 30, 23, 220, '2019-10-02 13:31:02', '2019-10-02 13:31:02'),
(723, NULL, NULL, NULL, NULL, 1, 30, 26, 220, '2019-10-02 13:31:02', '2019-10-02 13:31:02'),
(724, NULL, NULL, NULL, NULL, 1, 30, 29, 220, '2019-10-02 13:31:02', '2019-10-02 13:31:02'),
(725, NULL, NULL, NULL, NULL, 1, 30, 64, 220, '2019-10-02 13:31:02', '2019-10-02 13:31:02'),
(726, '1013', '325.90', '65.00', '21183.50', 5, 30, 1, 221, '2019-10-02 16:51:25', '2019-10-02 16:51:25'),
(727, NULL, NULL, NULL, NULL, 6, 30, 5, 221, '2019-10-02 16:51:25', '2019-10-02 16:51:25'),
(728, NULL, NULL, NULL, NULL, 3, 30, 7, 221, '2019-10-02 16:51:25', '2019-10-02 16:51:25'),
(729, NULL, NULL, NULL, NULL, 2, 30, 9, 221, '2019-10-02 16:51:25', '2019-10-02 16:51:25'),
(730, NULL, NULL, NULL, NULL, 4, 30, 16, 221, '2019-10-02 16:51:25', '2019-10-02 16:51:25'),
(731, NULL, NULL, NULL, NULL, 4, 30, 21, 221, '2019-10-02 16:51:25', '2019-10-02 16:51:25'),
(732, NULL, NULL, NULL, NULL, 2, 30, 23, 221, '2019-10-02 16:51:25', '2019-10-02 16:51:25'),
(733, NULL, NULL, NULL, NULL, 1, 30, 25, 221, '2019-10-02 16:51:25', '2019-10-02 16:51:25'),
(734, NULL, NULL, NULL, NULL, 1, 30, 26, 221, '2019-10-02 16:51:25', '2019-10-02 16:51:25'),
(735, NULL, NULL, NULL, NULL, 7, 30, 29, 221, '2019-10-02 16:51:25', '2019-10-02 16:51:25'),
(736, '1013', '0.00', '0.00', NULL, 10, 31, 32, 221, '2019-10-02 16:51:25', '2019-10-02 16:51:25'),
(737, NULL, NULL, NULL, NULL, 13, 31, 35, 221, '2019-10-02 16:51:25', '2019-10-02 16:51:25'),
(738, NULL, NULL, NULL, NULL, 7, 31, 36, 221, '2019-10-02 16:51:25', '2019-10-02 16:51:25'),
(739, NULL, NULL, NULL, NULL, 5, 31, 37, 221, '2019-10-02 16:51:25', '2019-10-02 16:51:25'),
(740, NULL, NULL, NULL, NULL, 4, 30, 64, 221, '2019-10-02 16:51:25', '2019-10-02 16:51:25'),
(741, '6029', '68.60', '72.00', '4939.20', 6, 32, 40, 222, '2019-10-02 19:49:42', '2019-10-02 19:49:42'),
(742, NULL, NULL, NULL, NULL, 8, 37, 73, 222, '2019-10-02 19:49:42', '2019-10-02 19:49:42'),
(743, '6029', '52.60', '67.00', '3524.20', 2, 37, 75, 222, '2019-10-02 19:49:42', '2019-10-02 19:49:42'),
(744, '6029', '0.00', '0.00', NULL, 4, 35, 86, 222, '2019-10-02 19:49:42', '2019-10-02 19:49:42'),
(761, 'فضي 1000', '61.40', '73.00', '4482.20', 1, 39, 95, 224, '2019-10-03 16:35:28', '2019-10-03 16:35:28'),
(762, NULL, NULL, NULL, NULL, 2, 39, 103, 224, '2019-10-03 16:35:28', '2019-10-03 16:35:28'),
(763, NULL, NULL, NULL, NULL, 4, 39, 105, 224, '2019-10-03 16:35:28', '2019-10-03 16:35:28'),
(764, NULL, NULL, NULL, NULL, 17, 39, 107, 224, '2019-10-03 16:35:28', '2019-10-03 16:35:28'),
(765, NULL, NULL, NULL, NULL, 11, 39, 108, 224, '2019-10-03 16:35:28', '2019-10-03 16:35:28'),
(766, '4007', '15.20', '64.00', '972.80', 11, 39, 106, 225, '2019-10-03 16:38:51', '2019-10-03 16:38:51'),
(767, '1036', '9.00', '73.00', '657.00', 1, 39, 105, 226, '2019-10-03 16:40:07', '2019-10-03 16:40:07'),
(768, NULL, NULL, NULL, NULL, 3, 39, 107, 226, '2019-10-03 16:40:07', '2019-10-03 16:40:07'),
(769, NULL, NULL, NULL, NULL, 1, 39, 108, 226, '2019-10-03 16:40:07', '2019-10-03 16:40:07'),
(770, '7003', '2.80', '73.00', '204.40', 2, 39, 106, 227, '2019-10-03 16:41:01', '2019-10-03 16:41:01'),
(771, 'اسود لميع ', '6.40', '66.00', '422.40', 2, 39, 103, 228, '2019-10-03 16:41:59', '2019-10-03 16:41:59'),
(772, '1013', '3.80', '65.00', '247.00', 1, 30, 25, 229, '2019-10-03 16:45:28', '2019-10-03 16:45:28'),
(773, '1013', '29.20', '62.00', '1810.40', 1, 30, 1, 230, '2019-10-03 16:48:16', '2019-10-03 16:48:16'),
(774, NULL, NULL, NULL, NULL, 1.5, 30, 5, 230, '2019-10-03 16:48:16', '2019-10-03 16:48:16'),
(775, NULL, NULL, NULL, NULL, 1, 30, 21, 230, '2019-10-03 16:48:16', '2019-10-03 16:48:16'),
(776, NULL, NULL, NULL, NULL, 1, 30, 29, 230, '2019-10-03 16:48:16', '2019-10-03 16:48:16'),
(777, '0', '0.00', '0.00', NULL, 1, 31, 36, 230, '2019-10-03 16:48:16', '2019-10-03 16:48:16'),
(778, NULL, NULL, NULL, NULL, 1, 30, 64, 230, '2019-10-03 16:48:16', '2019-10-03 16:48:16'),
(779, '3003', '4.00', '63.00', '252.00', 1, 30, 64, 231, '2019-10-03 16:48:54', '2019-10-03 16:48:54'),
(780, '9016', '4.60', '62.00', '285.20', 1, 30, 21, 232, '2019-10-03 16:51:14', '2019-10-03 16:51:14'),
(781, NULL, NULL, NULL, NULL, 1, 30, 29, 232, '2019-10-03 16:51:14', '2019-10-03 16:51:14');

--
-- Indexes for dumped tables
--

--
-- Indexes for table `bills`
--
ALTER TABLE `bills`
  ADD PRIMARY KEY (`id`),
  ADD KEY `customer_id` (`customer_id`);

--
-- Indexes for table `components`
--
ALTER TABLE `components`
  ADD PRIMARY KEY (`id`),
  ADD KEY `section_id` (`section_id`);

--
-- Indexes for table `customers`
--
ALTER TABLE `customers`
  ADD PRIMARY KEY (`id`),
  ADD UNIQUE KEY `name` (`name`);

--
-- Indexes for table `password_resets`
--
ALTER TABLE `password_resets`
  ADD KEY `password_resets_email_index` (`email`),
  ADD KEY `password_resets_token_index` (`token`);

--
-- Indexes for table `sections`
--
ALTER TABLE `sections`
  ADD PRIMARY KEY (`id`);

--
-- Indexes for table `sub_bills`
--
ALTER TABLE `sub_bills`
  ADD PRIMARY KEY (`id`),
  ADD KEY `bill_id` (`bill_id`);

--
-- AUTO_INCREMENT for dumped tables
--

--
-- AUTO_INCREMENT for table `bills`
--
ALTER TABLE `bills`
  MODIFY `id` int(10) UNSIGNED NOT NULL AUTO_INCREMENT, AUTO_INCREMENT=233;

--
-- AUTO_INCREMENT for table `components`
--
ALTER TABLE `components`
  MODIFY `id` int(11) NOT NULL AUTO_INCREMENT, AUTO_INCREMENT=164;

--
-- AUTO_INCREMENT for table `customers`
--
ALTER TABLE `customers`
  MODIFY `id` int(11) NOT NULL AUTO_INCREMENT, AUTO_INCREMENT=61;

--
-- AUTO_INCREMENT for table `sections`
--
ALTER TABLE `sections`
  MODIFY `id` int(11) NOT NULL AUTO_INCREMENT, AUTO_INCREMENT=50;

--
-- AUTO_INCREMENT for table `sub_bills`
--
ALTER TABLE `sub_bills`
  MODIFY `id` int(10) UNSIGNED NOT NULL AUTO_INCREMENT, AUTO_INCREMENT=782;

--
-- Constraints for dumped tables
--

--
-- Constraints for table `bills`
--
ALTER TABLE `bills`
  ADD CONSTRAINT `bills_ibfk_1` FOREIGN KEY (`customer_id`) REFERENCES `customers` (`id`);

--
-- Constraints for table `components`
--
ALTER TABLE `components`
  ADD CONSTRAINT `components_ibfk_1` FOREIGN KEY (`section_id`) REFERENCES `sections` (`id`) ON DELETE CASCADE;

--
-- Constraints for table `sub_bills`
--
ALTER TABLE `sub_bills`
  ADD CONSTRAINT `sub_bills_ibfk_1` FOREIGN KEY (`bill_id`) REFERENCES `bills` (`id`);
COMMIT;

